Last updated on 2025-10-22 21:50:01 CEST.
Flavor | Version | Tinstall | Tcheck | Ttotal | Status | Flags |
---|---|---|---|---|---|---|
r-devel-linux-x86_64-debian-clang | 2.1.1 | 23.18 | 188.09 | 211.27 | NOTE | |
r-devel-linux-x86_64-debian-gcc | 2.1.1 | 14.11 | 123.50 | 137.61 | NOTE | |
r-devel-linux-x86_64-fedora-clang | 2.1.1 | 72.00 | 243.21 | 315.21 | NOTE | |
r-devel-linux-x86_64-fedora-gcc | 2.1.1 | 53.00 | 249.72 | 302.72 | NOTE | |
r-devel-windows-x86_64 | 2.1.1 | 32.00 | 221.00 | 253.00 | NOTE | |
r-patched-linux-x86_64 | 2.1.1 | 25.30 | 191.41 | 216.71 | NOTE | |
r-release-linux-x86_64 | 2.1.1 | 24.17 | 175.58 | 199.75 | NOTE | |
r-release-macos-arm64 | 2.1.1 | 10.00 | 111.00 | 121.00 | NOTE | |
r-release-macos-x86_64 | 2.1.1 | 27.00 | 382.00 | 409.00 | NOTE | |
r-release-windows-x86_64 | 2.1.1 | 36.00 | 233.00 | 269.00 | NOTE | |
r-oldrel-macos-arm64 | 2.1.1 | 12.00 | 98.00 | 110.00 | NOTE | |
r-oldrel-macos-x86_64 | 2.1.1 | 21.00 | 187.00 | 208.00 | NOTE | |
r-oldrel-windows-x86_64 | 2.1.1 | 41.00 | 278.00 | 319.00 | NOTE |
Version: 2.1.1
Check: Rd files
Result: NOTE
checkRd: (-1) transformFitness.Rd:25: Lost braces; missing escapes or markup?
25 | minimization (most others). This function computes a factor from {-1, 1} for
| ^
Flavors: r-devel-linux-x86_64-debian-clang, r-devel-linux-x86_64-debian-gcc, r-devel-linux-x86_64-fedora-clang, r-devel-linux-x86_64-fedora-gcc, r-devel-windows-x86_64, r-patched-linux-x86_64, r-release-linux-x86_64, r-release-macos-arm64, r-release-macos-x86_64, r-release-windows-x86_64, r-oldrel-macos-arm64, r-oldrel-macos-x86_64, r-oldrel-windows-x86_64
Version: 2.1.1
Check: HTML version of manual
Result: NOTE
Found the following HTML validation problems:
plotStatistics.html:56:1 (plotStatistics.Rd:15): Warning: missing </ul> before </div>
reduceToSingleDataFrame.html:61:1 (reduceToSingleDataFrame.Rd:21): Warning: missing </ul> before </div>
Flavor: r-devel-linux-x86_64-debian-clang