Last updated on 2025-10-22 21:50:01 CEST.
Flavor | Version | Tinstall | Tcheck | Ttotal | Status | Flags |
---|---|---|---|---|---|---|
r-devel-linux-x86_64-debian-clang | 0.9.5 | 20.25 | 194.62 | 214.87 | NOTE | |
r-devel-linux-x86_64-debian-gcc | 0.9.5 | 13.21 | 127.22 | 140.43 | OK | |
r-devel-linux-x86_64-fedora-clang | 0.9.5 | 49.00 | 268.90 | 317.90 | OK | |
r-devel-linux-x86_64-fedora-gcc | 0.9.5 | 42.00 | 260.27 | 302.27 | OK | |
r-devel-windows-x86_64 | 0.9.5 | 18.00 | 222.00 | 240.00 | OK | |
r-patched-linux-x86_64 | 0.9.5 | 19.37 | 170.57 | 189.94 | OK | |
r-release-linux-x86_64 | 0.9.5 | 17.68 | 169.34 | 187.02 | OK | |
r-release-macos-arm64 | 0.9.5 | 7.00 | 66.00 | 73.00 | OK | |
r-release-macos-x86_64 | 0.9.5 | 16.00 | 163.00 | 179.00 | OK | |
r-release-windows-x86_64 | 0.9.5 | 23.00 | 227.00 | 250.00 | OK | |
r-oldrel-macos-arm64 | 0.9.5 | 7.00 | 65.00 | 72.00 | OK | |
r-oldrel-macos-x86_64 | 0.9.5 | 17.00 | 150.00 | 167.00 | OK | |
r-oldrel-windows-x86_64 | 0.9.5 | 26.00 | 264.00 | 290.00 | OK |
Version: 0.9.5
Check: HTML version of manual
Result: NOTE
Found the following HTML validation problems:
add_fixed_holiday.html:58:1 (add_fixed_holiday.Rd:16): Warning: missing </ul> before </div>
add_floating_holiday.html:54:1 (add_floating_holiday.Rd:14): Warning: missing </ul> before </div>
add_holiday_periods.html:54:1 (add_holiday_periods.Rd:14): Warning: missing </ul> before </div>
change_day.html:58:1 (change_day.Rd:16): Warning: missing </ul> before </div>
create_work_schedule.html:50:1 (create_work_schedule.Rd:12): Warning: missing </ul> before </div>
print.work_schedule.html:51:1 (print.work_schedule.Rd:12): Warning: missing </ul> before </div>
Flavor: r-devel-linux-x86_64-debian-clang