Last updated on 2025-11-12 19:51:47 CET.
| Flavor | Version | Tinstall | Tcheck | Ttotal | Status | Flags |
|---|---|---|---|---|---|---|
| r-devel-linux-x86_64-debian-clang | 0.1.4 | 3.79 | 35.48 | 39.27 | OK | |
| r-devel-linux-x86_64-debian-gcc | 0.1.4 | 2.82 | 28.16 | 30.98 | OK | |
| r-devel-linux-x86_64-fedora-clang | 0.1.4 | 55.13 | OK | |||
| r-devel-linux-x86_64-fedora-gcc | 0.1.4 | 52.61 | OK | |||
| r-devel-windows-x86_64 | 0.1.4 | 7.00 | 49.00 | 56.00 | OK | |
| r-patched-linux-x86_64 | 0.1.4 | 4.00 | 31.82 | 35.82 | OK | |
| r-release-linux-x86_64 | 0.1.4 | 3.10 | 32.29 | 35.39 | OK | |
| r-release-macos-arm64 | 0.1.4 | 3.00 | 24.00 | 27.00 | OK | |
| r-release-macos-x86_64 | 0.1.4 | 3.00 | 35.00 | 38.00 | OK | |
| r-release-windows-x86_64 | 0.1.4 | 8.00 | 49.00 | 57.00 | OK | |
| r-oldrel-macos-arm64 | 0.1.4 | 2.00 | 18.00 | 20.00 | NOTE | |
| r-oldrel-macos-x86_64 | 0.1.4 | 3.00 | 26.00 | 29.00 | NOTE | |
| r-oldrel-windows-x86_64 | 0.1.4 | 8.00 | 57.00 | 65.00 | NOTE |
Version: 0.1.4
Check: LazyData
Result: NOTE
'LazyData' is specified without a 'data' directory
Flavors: r-oldrel-macos-arm64, r-oldrel-macos-x86_64, r-oldrel-windows-x86_64