Last updated on 2025-11-21 06:50:34 CET.
| Flavor | Version | Tinstall | Tcheck | Ttotal | Status | Flags |
|---|---|---|---|---|---|---|
| r-devel-linux-x86_64-debian-clang | 2.9.5 | 8.58 | 71.71 | 80.29 | NOTE | |
| r-devel-linux-x86_64-debian-gcc | 2.9.5 | 5.69 | 53.66 | 59.35 | NOTE | |
| r-devel-linux-x86_64-fedora-clang | 2.9.5 | 20.00 | 101.87 | 121.87 | OK | |
| r-devel-linux-x86_64-fedora-gcc | 2.9.5 | 15.00 | 116.92 | 131.92 | OK | |
| r-devel-windows-x86_64 | 2.9.5 | 13.00 | 104.00 | 117.00 | NOTE | |
| r-patched-linux-x86_64 | 2.9.5 | 8.54 | 66.61 | 75.15 | NOTE | |
| r-release-linux-x86_64 | 2.9.5 | 7.39 | 66.92 | 74.31 | NOTE | |
| r-release-macos-arm64 | 2.9.5 | OK | ||||
| r-release-macos-x86_64 | 2.9.5 | 7.00 | 82.00 | 89.00 | OK | |
| r-release-windows-x86_64 | 2.9.5 | 11.00 | 103.00 | 114.00 | NOTE | |
| r-oldrel-macos-arm64 | 2.9.5 | OK | ||||
| r-oldrel-macos-x86_64 | 2.9.5 | 5.00 | 67.00 | 72.00 | OK | |
| r-oldrel-windows-x86_64 | 2.9.5 | 13.00 | 117.00 | 130.00 | OK |
Version: 2.9.5
Check: CRAN incoming feasibility
Result: NOTE
Maintainer: ‘Edwin de Jonge <edwindjonge@gmail.com>’
No Authors@R field in DESCRIPTION.
Please add one, modifying
Authors@R: c(person(given = "Edwin",
family = "de Jonge",
role = c("aut", "cre"),
email = "edwindjonge@gmail.com"),
person(given = "Mark",
family = "van der Loo",
role = "aut"))
as necessary.
Flavors: r-devel-linux-x86_64-debian-clang, r-devel-linux-x86_64-debian-gcc
Version: 2.9.5
Check: Rd cross-references
Result: NOTE
Found the following Rd file(s) with Rd \link{} targets missing package
anchors:
as.lp.mip.Rd: make.lp
editrules.plotting.Rd: as.igraph
editrules_package.Rd: as.igraph
Please provide package anchors for all Rd \link{} targets not in the
package itself and the base packages.
Flavors: r-devel-linux-x86_64-debian-clang, r-devel-linux-x86_64-debian-gcc, r-devel-windows-x86_64, r-patched-linux-x86_64, r-release-linux-x86_64, r-release-windows-x86_64