Last updated on 2025-11-14 06:50:05 CET.
| Flavor | Version | Tinstall | Tcheck | Ttotal | Status | Flags |
|---|---|---|---|---|---|---|
| r-devel-linux-x86_64-debian-clang | 0.1.0 | 12.07 | 98.95 | 111.02 | NOTE | |
| r-devel-linux-x86_64-debian-gcc | 0.1.0 | 8.67 | 70.13 | 78.80 | NOTE | |
| r-devel-linux-x86_64-fedora-clang | 0.1.0 | 67.00 | 122.79 | 189.79 | OK | |
| r-devel-linux-x86_64-fedora-gcc | 0.1.0 | 99.00 | 81.43 | 180.43 | OK | |
| r-devel-windows-x86_64 | 0.1.0 | 13.00 | 101.00 | 114.00 | OK | |
| r-patched-linux-x86_64 | 0.1.0 | 12.40 | 94.09 | 106.49 | OK | |
| r-release-linux-x86_64 | 0.1.0 | 10.11 | 94.03 | 104.14 | OK | |
| r-release-macos-arm64 | 0.1.0 | 5.00 | 38.00 | 43.00 | OK | |
| r-release-macos-x86_64 | 0.1.0 | 22.00 | 126.00 | 148.00 | OK | |
| r-release-windows-x86_64 | 0.1.0 | 13.00 | 98.00 | 111.00 | OK | |
| r-oldrel-macos-arm64 | 0.1.0 | 5.00 | 39.00 | 44.00 | OK | |
| r-oldrel-macos-x86_64 | 0.1.0 | 11.00 | 63.00 | 74.00 | OK | |
| r-oldrel-windows-x86_64 | 0.1.0 | 19.00 | 129.00 | 148.00 | OK |
Version: 0.1.0
Check: CRAN incoming feasibility
Result: NOTE
Maintainer: ‘Vanesa Jorda <jordav@unican.es>’
Found the following (possibly) invalid file URIs:
URI: www.educationdata.unican.es
From: man/ineq_female15a.Rd
URI: www.educationdata.unican.es
From: man/ineq_female25a.Rd
URI: www.educationdata.unican.es
From: man/ineq_male15a.Rd
URI: www.educationdata.unican.es
From: man/ineq_male25a.Rd
URI: www.educationdata.unican.es
From: man/ineq_total15a.Rd
URI: www.educationdata.unican.es
From: man/ineq_total25a.Rd
Flavors: r-devel-linux-x86_64-debian-clang, r-devel-linux-x86_64-debian-gcc