CRAN Package Check Results for Package ellipsis

Last updated on 2025-10-22 07:50:14 CEST.

Flavor Version Tinstall Tcheck Ttotal Status Flags
r-devel-linux-x86_64-debian-clang 0.3.2 2.72 28.30 31.02 NOTE
r-devel-linux-x86_64-debian-gcc 0.3.2 2.26 22.79 25.05 NOTE
r-devel-linux-x86_64-fedora-clang 0.3.2 46.67 NOTE
r-devel-linux-x86_64-fedora-gcc 0.3.2 43.68 NOTE
r-devel-windows-x86_64 0.3.2 5.00 50.00 55.00 NOTE
r-patched-linux-x86_64 0.3.2 2.38 25.87 28.25 NOTE
r-release-linux-x86_64 0.3.2 2.06 25.92 27.98 NOTE
r-release-macos-arm64 0.3.2 4.00 17.00 21.00 NOTE
r-release-macos-x86_64 0.3.2 4.00 29.00 33.00 NOTE
r-release-windows-x86_64 0.3.2 9.00 49.00 58.00 NOTE
r-oldrel-macos-arm64 0.3.2 3.00 20.00 23.00 OK
r-oldrel-macos-x86_64 0.3.2 3.00 24.00 27.00 OK
r-oldrel-windows-x86_64 0.3.2 7.00 56.00 63.00 OK

Check Details

Version: 0.3.2
Check: compiled code
Result: NOTE File ‘ellipsis/libs/ellipsis.so’: Found non-API calls to R: ‘PRVALUE’, ‘Rf_findVarInFrame3’ Compiled code should not call non-API entry points in R. See ‘Writing portable packages’ in the ‘Writing R Extensions’ manual, and section ‘Moving into C API compliance’ for issues with the use of non-API entry points. Flavors: r-devel-linux-x86_64-debian-clang, r-devel-linux-x86_64-debian-gcc, r-devel-linux-x86_64-fedora-clang, r-devel-linux-x86_64-fedora-gcc, r-patched-linux-x86_64, r-release-linux-x86_64, r-release-macos-arm64, r-release-macos-x86_64

Version: 0.3.2
Check: HTML version of manual
Result: NOTE Found the following HTML validation problems: dots_empty.html:41:1 (dots_empty.Rd:7): Warning: missing </ul> before </div> dots_used.html:41:1 (dots_used.Rd:7): Warning: missing </ul> before </div> Flavors: r-devel-linux-x86_64-debian-clang, r-devel-linux-x86_64-debian-gcc

Version: 0.3.2
Check: compiled code
Result: NOTE File 'ellipsis/libs/x64/ellipsis.dll': Found non-API calls to R: 'PRVALUE', 'Rf_findVarInFrame3' Compiled code should not call non-API entry points in R. See 'Writing portable packages' in the 'Writing R Extensions' manual, and section 'Moving into C API compliance' for issues with the use of non-API entry points. Flavors: r-devel-windows-x86_64, r-release-windows-x86_64