Last updated on 2025-02-21 19:50:25 CET.
Flavor | Version | Tinstall | Tcheck | Ttotal | Status | Flags |
---|---|---|---|---|---|---|
r-devel-linux-x86_64-debian-clang | 2.2.2 | 26.69 | 188.49 | 215.18 | NOTE | |
r-devel-linux-x86_64-debian-gcc | 2.2.2 | 17.97 | 130.52 | 148.49 | NOTE | |
r-devel-linux-x86_64-fedora-clang | 2.2.2 | 339.15 | OK | |||
r-devel-linux-x86_64-fedora-gcc | 2.2.2 | 345.07 | OK | |||
r-devel-macos-arm64 | 2.2.2 | 82.00 | OK | |||
r-devel-macos-x86_64 | 2.2.2 | 186.00 | OK | |||
r-devel-windows-x86_64 | 2.2.2 | 24.00 | 180.00 | 204.00 | NOTE | |
r-patched-linux-x86_64 | 2.2.2 | 34.97 | 175.00 | 209.97 | OK | |
r-release-linux-x86_64 | 2.2.2 | 24.85 | 174.88 | 199.73 | OK | |
r-release-macos-arm64 | 2.2.2 | 104.00 | OK | |||
r-release-macos-x86_64 | 2.2.2 | 277.00 | OK | |||
r-release-windows-x86_64 | 2.2.2 | 25.00 | 176.00 | 201.00 | OK | |
r-oldrel-macos-arm64 | 2.2.2 | 109.00 | OK | |||
r-oldrel-macos-x86_64 | 2.2.2 | 229.00 | OK | |||
r-oldrel-windows-x86_64 | 2.2.2 | 33.00 | 215.00 | 248.00 | OK |
Version: 2.2.2
Check: Rd cross-references
Result: NOTE
Found the following Rd file(s) with Rd \link{} targets missing package
anchors:
write.excel.Rd: openxlsx
Please provide package anchors for all Rd \link{} targets not in the
package itself and the base packages.
Flavors: r-devel-linux-x86_64-debian-clang, r-devel-linux-x86_64-debian-gcc, r-devel-windows-x86_64