CRAN Package Check Results for Package epidata

Last updated on 2025-02-22 07:51:30 CET.

Flavor Version Tinstall Tcheck Ttotal Status Flags
r-devel-linux-x86_64-debian-clang 0.4.0 6.01 48.72 54.73 OK
r-devel-linux-x86_64-debian-gcc 0.4.0 3.53 33.56 37.09 OK
r-devel-linux-x86_64-fedora-clang 0.4.0 84.27 NOTE
r-devel-linux-x86_64-fedora-gcc 0.4.0 79.01 NOTE
r-devel-macos-arm64 0.4.0 52.00 OK
r-devel-macos-x86_64 0.4.0 78.00 OK
r-devel-windows-x86_64 0.4.0 8.00 85.00 93.00 OK
r-patched-linux-x86_64 0.4.0 5.75 43.68 49.43 OK
r-release-linux-x86_64 0.4.0 5.52 43.35 48.87 OK
r-release-macos-arm64 0.4.0 51.00 OK
r-release-macos-x86_64 0.4.0 59.00 OK
r-release-windows-x86_64 0.4.0 8.00 84.00 92.00 OK
r-oldrel-macos-arm64 0.4.0 50.00 OK
r-oldrel-macos-x86_64 0.4.0 62.00 OK
r-oldrel-windows-x86_64 0.4.0 10.00 96.00 106.00 OK

Check Details

Version: 0.4.0
Check: dependencies in R code
Result: NOTE Namespace in Imports field not imported from: ‘tinytest’ All declared Imports should be used. Flavors: r-devel-linux-x86_64-fedora-clang, r-devel-linux-x86_64-fedora-gcc