CRAN Package Check Results for Package evidence

Last updated on 2025-07-17 06:49:32 CEST.

Flavor Version Tinstall Tcheck Ttotal Status Flags
r-devel-linux-x86_64-debian-clang 0.8.10 21.55 211.41 232.96 NOTE
r-devel-linux-x86_64-debian-gcc 0.8.10 19.56 153.55 173.11 NOTE
r-devel-linux-x86_64-fedora-clang 0.8.10 371.42 NOTE
r-devel-linux-x86_64-fedora-gcc 0.8.10 365.15 NOTE
r-devel-windows-x86_64 0.8.10 24.00 201.00 225.00 NOTE
r-patched-linux-x86_64 0.8.10 22.50 205.31 227.81 NOTE
r-release-linux-x86_64 0.8.10 22.06 201.62 223.68 NOTE
r-release-macos-arm64 0.8.10 105.00 NOTE
r-release-macos-x86_64 0.8.10 195.00 NOTE
r-release-windows-x86_64 0.8.10 29.00 198.00 227.00 NOTE
r-oldrel-macos-arm64 0.8.10 89.00 NOTE
r-oldrel-macos-x86_64 0.8.10 128.00 NOTE
r-oldrel-windows-x86_64 0.8.10 25.00 259.00 284.00 NOTE

Check Details

Version: 0.8.10
Check: CRAN incoming feasibility
Result: NOTE Maintainer: ‘Robert van Hulst <rvhulst@ubishops.ca>’ No Authors@R field in DESCRIPTION. Please add one, modifying Authors@R: person(given = "Robert", family = "van Hulst", role = c("aut", "cre"), email = "rvhulst@ubishops.ca") as necessary. The BugReports field in DESCRIPTION has https://github.com/rvhulst/evidence/ which should likely be https://github.com/rvhulst/evidence/issues instead. Flavors: r-devel-linux-x86_64-debian-clang, r-devel-linux-x86_64-debian-gcc

Version: 0.8.10
Check: Rd files
Result: NOTE checkRd: (-1) Snoring.Rd:21: Escaped LaTeX specials: \& Flavors: r-devel-linux-x86_64-debian-clang, r-devel-linux-x86_64-debian-gcc, r-devel-linux-x86_64-fedora-clang, r-devel-linux-x86_64-fedora-gcc, r-devel-windows-x86_64, r-patched-linux-x86_64, r-release-linux-x86_64, r-release-macos-arm64, r-release-macos-x86_64, r-release-windows-x86_64, r-oldrel-macos-arm64, r-oldrel-macos-x86_64, r-oldrel-windows-x86_64