Last updated on 2024-06-04 18:47:48 CEST.
Flavor | Version | Tinstall | Tcheck | Ttotal | Status | Flags |
---|---|---|---|---|---|---|
r-devel-linux-x86_64-debian-clang | 0.1.0 | 23.31 | 28.84 | 52.15 | NOTE | |
r-devel-linux-x86_64-debian-gcc | 0.1.0 | 16.33 | 21.98 | 38.31 | NOTE | |
r-devel-linux-x86_64-fedora-clang | 0.1.0 | 74.11 | NOTE | |||
r-devel-linux-x86_64-fedora-gcc | 0.1.0 | 71.87 | NOTE | |||
r-patched-linux-x86_64 | 0.1.0 | 17.84 | 27.50 | 45.34 | NOTE | |
r-release-linux-x86_64 | 0.1.0 | 18.47 | 27.39 | 45.86 | NOTE | |
r-release-macos-arm64 | 0.1.0 | 23.00 | NOTE | |||
r-oldrel-macos-arm64 | 0.1.0 | 25.00 | NOTE | |||
r-oldrel-macos-x86_64 | 0.1.0 | 36.00 | NOTE |
Version: 0.1.0
Check: C++ specification
Result: NOTE
Specified C++11: please drop specification unless essential
Flavors: r-devel-linux-x86_64-debian-clang, r-devel-linux-x86_64-debian-gcc, r-devel-linux-x86_64-fedora-clang, r-devel-linux-x86_64-fedora-gcc, r-patched-linux-x86_64, r-release-linux-x86_64, r-release-macos-arm64, r-oldrel-macos-arm64, r-oldrel-macos-x86_64
Version: 0.1.0
Check: compiled code
Result: NOTE
File ‘exif/libs/exif.so’:
Found no calls to: ‘R_registerRoutines’, ‘R_useDynamicSymbols’
It is good practice to register native routines and to disable symbol
search.
See ‘Writing portable packages’ in the ‘Writing R Extensions’ manual.
Flavors: r-devel-linux-x86_64-fedora-clang, r-devel-linux-x86_64-fedora-gcc