Last updated on 2024-06-04 18:47:48 CEST.
Flavor | Version | Tinstall | Tcheck | Ttotal | Status | Flags |
---|---|---|---|---|---|---|
r-devel-linux-x86_64-debian-clang | 1.2.1 | 9.84 | 99.34 | 109.18 | NOTE | |
r-devel-linux-x86_64-debian-gcc | 1.2.1 | 6.49 | 72.41 | 78.90 | NOTE | |
r-devel-linux-x86_64-fedora-clang | 1.2.1 | 138.10 | NOTE | |||
r-devel-linux-x86_64-fedora-gcc | 1.2.1 | 137.99 | NOTE | |||
r-devel-windows-x86_64 | 1.2.1 | 9.00 | 99.00 | 108.00 | NOTE | |
r-patched-linux-x86_64 | 1.2.1 | 9.62 | 94.16 | 103.78 | NOTE | |
r-release-linux-x86_64 | 1.2.1 | 6.65 | 95.50 | 102.15 | NOTE | |
r-release-macos-arm64 | 1.2.1 | 45.00 | NOTE | |||
r-release-windows-x86_64 | 1.2.1 | 8.00 | 99.00 | 107.00 | NOTE | |
r-oldrel-macos-arm64 | 1.2.1 | 48.00 | NOTE | |||
r-oldrel-macos-x86_64 | 1.2.1 | 73.00 | NOTE | |||
r-oldrel-windows-x86_64 | 1.2.1 | 10.00 | 148.00 | 158.00 | NOTE |
Version: 1.2.1
Check: package subdirectories
Result: NOTE
Problems with news in ‘NEWS.md’:
Cannot extract version info from the following section titles:
Functions and objects (details)
Flavors: r-devel-linux-x86_64-debian-clang, r-devel-linux-x86_64-debian-gcc, r-devel-linux-x86_64-fedora-clang, r-devel-linux-x86_64-fedora-gcc, r-devel-windows-x86_64, r-patched-linux-x86_64, r-release-linux-x86_64, r-release-macos-arm64, r-release-windows-x86_64, r-oldrel-macos-arm64, r-oldrel-macos-x86_64, r-oldrel-windows-x86_64
Version: 1.2.1
Check: Rd files
Result: NOTE
checkRd: (-1) va.Rd:80: Lost braces
80 | \doi{10.1016/s0002-9394(02)01825-1}{Beck et al.}, and
| ^
Flavors: r-devel-linux-x86_64-debian-clang, r-devel-linux-x86_64-debian-gcc, r-devel-linux-x86_64-fedora-clang, r-devel-linux-x86_64-fedora-gcc, r-devel-windows-x86_64, r-patched-linux-x86_64, r-release-linux-x86_64, r-release-macos-arm64, r-release-windows-x86_64