Last updated on 2025-07-01 18:48:32 CEST.
Flavor | Version | Tinstall | Tcheck | Ttotal | Status | Flags |
---|---|---|---|---|---|---|
r-devel-linux-x86_64-debian-clang | 0.1.5 | 6.41 | 58.34 | 64.75 | NOTE | |
r-devel-linux-x86_64-debian-gcc | 0.1.5 | 4.93 | 43.36 | 48.29 | NOTE | |
r-devel-linux-x86_64-fedora-clang | 0.1.5 | 110.06 | OK | |||
r-devel-linux-x86_64-fedora-gcc | 0.1.5 | 93.71 | OK | |||
r-devel-windows-x86_64 | 0.1.5 | 10.00 | 72.00 | 82.00 | OK | |
r-patched-linux-x86_64 | OK | |||||
r-release-linux-x86_64 | 0.1.5 | 7.09 | 53.16 | 60.25 | OK | |
r-release-macos-arm64 | 0.1.5 | 26.00 | OK | |||
r-release-macos-x86_64 | 0.1.5 | 50.00 | OK | |||
r-release-windows-x86_64 | 0.1.5 | 8.00 | 69.00 | 77.00 | OK | |
r-oldrel-macos-arm64 | 0.1.5 | 30.00 | NOTE | |||
r-oldrel-macos-x86_64 | 0.1.5 | 42.00 | NOTE | |||
r-oldrel-windows-x86_64 | 0.1.5 | 11.00 | 87.00 | 98.00 | NOTE |
Version: 0.1.5
Check: CRAN incoming feasibility
Result: NOTE
Maintainer: ‘Jin Kim <jin.m.kim@yale.edu>’
Package CITATION file contains call(s) to old-style citEntry(). Please
use bibentry() instead.
Flavors: r-devel-linux-x86_64-debian-clang, r-devel-linux-x86_64-debian-gcc
Version: 0.1.5
Check: LazyData
Result: NOTE
'LazyData' is specified without a 'data' directory
Flavors: r-oldrel-macos-arm64, r-oldrel-macos-x86_64, r-oldrel-windows-x86_64