CRAN Package Check Results for Package facerec

Last updated on 2025-11-12 19:51:48 CET.

Flavor Version Tinstall Tcheck Ttotal Status Flags
r-devel-linux-x86_64-debian-clang 0.1.0 4.14 43.23 47.37 OK
r-devel-linux-x86_64-debian-gcc 0.1.0 2.76 33.20 35.96 OK
r-devel-linux-x86_64-fedora-clang 0.1.0 70.58 OK
r-devel-linux-x86_64-fedora-gcc 0.1.0 79.26 OK
r-devel-windows-x86_64 0.1.0 7.00 59.00 66.00 OK
r-patched-linux-x86_64 0.1.0 4.48 38.53 43.01 OK
r-release-linux-x86_64 0.1.0 3.83 38.47 42.30 OK
r-release-macos-arm64 0.1.0 2.00 37.00 39.00 OK
r-release-macos-x86_64 0.1.0 4.00 49.00 53.00 OK
r-release-windows-x86_64 0.1.0 7.00 57.00 64.00 OK
r-oldrel-macos-arm64 0.1.0 2.00 27.00 29.00 NOTE
r-oldrel-macos-x86_64 0.1.0 3.00 40.00 43.00 NOTE
r-oldrel-windows-x86_64 0.1.0 9.00 67.00 76.00 NOTE

Check Details

Version: 0.1.0
Check: LazyData
Result: NOTE 'LazyData' is specified without a 'data' directory Flavors: r-oldrel-macos-arm64, r-oldrel-macos-x86_64, r-oldrel-windows-x86_64