Last updated on 2025-10-21 18:49:47 CEST.
Flavor | Version | Tinstall | Tcheck | Ttotal | Status | Flags |
---|---|---|---|---|---|---|
r-devel-linux-x86_64-debian-clang | 0.9.9 | 23.65 | 116.05 | 139.70 | NOTE | |
r-devel-linux-x86_64-debian-gcc | 0.9.9 | 14.53 | 76.91 | 91.44 | NOTE | |
r-devel-linux-x86_64-fedora-clang | 0.9.9 | 82.00 | 148.03 | 230.03 | OK | |
r-devel-linux-x86_64-fedora-gcc | 0.9.9 | 49.00 | 153.58 | 202.58 | OK | |
r-devel-windows-x86_64 | 0.9.9 | 30.00 | 120.00 | 150.00 | OK | |
r-patched-linux-x86_64 | 0.9.9 | 22.11 | 107.08 | 129.19 | OK | |
r-release-linux-x86_64 | 0.9.9 | 21.87 | 105.79 | 127.66 | OK | |
r-release-macos-arm64 | 0.9.9 | 10.00 | 47.00 | 57.00 | OK | |
r-release-macos-x86_64 | 0.9.9 | 16.00 | 101.00 | 117.00 | OK | |
r-release-windows-x86_64 | 0.9.9 | 32.00 | 120.00 | 152.00 | OK | |
r-oldrel-macos-arm64 | 0.9.9 | 11.00 | 50.00 | 61.00 | OK | |
r-oldrel-macos-x86_64 | 0.9.9 | 15.00 | 101.00 | 116.00 | OK | |
r-oldrel-windows-x86_64 | 0.9.9 | 36.00 | 159.00 | 195.00 | OK |
Version: 0.9.9
Check: HTML version of manual
Result: NOTE
Found the following HTML validation problems:
f_mutate.html:133:1 (f_mutate.Rd:85): Warning: missing </ul> before </div>
f_reframe.html:122:1 (f_reframe.Rd:76): Warning: missing </ul> before </div>
list_tidy.html:57:1 (list_tidy.Rd:16): Warning: missing </ul> before </div>
Flavors: r-devel-linux-x86_64-debian-clang, r-devel-linux-x86_64-debian-gcc