Last updated on 2025-02-21 19:50:26 CET.
Flavor | Version | Tinstall | Tcheck | Ttotal | Status | Flags |
---|---|---|---|---|---|---|
r-devel-linux-x86_64-debian-clang | 1.0.1 | 12.65 | 74.01 | 86.66 | NOTE | |
r-devel-linux-x86_64-debian-gcc | 1.0.1 | 8.80 | 45.08 | 53.88 | NOTE | |
r-devel-linux-x86_64-fedora-clang | 1.0.1 | 176.31 | NOTE | |||
r-devel-linux-x86_64-fedora-gcc | 1.0.1 | 126.86 | NOTE | |||
r-devel-macos-arm64 | 1.0.1 | 70.00 | NOTE | |||
r-devel-macos-x86_64 | 1.0.1 | 136.00 | NOTE | |||
r-devel-windows-x86_64 | 1.0.1 | 15.00 | 118.00 | 133.00 | NOTE | |
r-patched-linux-x86_64 | 1.0.1 | 11.93 | 72.16 | 84.09 | NOTE | |
r-release-linux-x86_64 | 1.0.1 | 12.93 | 81.21 | 94.14 | NOTE | |
r-release-macos-arm64 | 1.0.1 | 68.00 | NOTE | |||
r-release-macos-x86_64 | 1.0.1 | 124.00 | NOTE | |||
r-release-windows-x86_64 | 1.0.1 | 15.00 | 186.00 | 201.00 | NOTE | |
r-oldrel-macos-arm64 | 1.0.1 | 63.00 | NOTE | |||
r-oldrel-macos-x86_64 | 1.0.1 | 88.00 | NOTE | |||
r-oldrel-windows-x86_64 | 1.0.1 | 17.00 | 139.00 | 156.00 | NOTE |
Version: 1.0.1
Check: C++ specification
Result: NOTE
Specified C++11: please drop specification unless essential
Flavors: r-devel-linux-x86_64-debian-clang, r-devel-linux-x86_64-debian-gcc, r-devel-linux-x86_64-fedora-clang, r-devel-linux-x86_64-fedora-gcc, r-devel-macos-arm64, r-devel-macos-x86_64, r-devel-windows-x86_64, r-patched-linux-x86_64, r-release-linux-x86_64, r-release-macos-arm64, r-release-macos-x86_64, r-release-windows-x86_64, r-oldrel-macos-arm64, r-oldrel-macos-x86_64, r-oldrel-windows-x86_64