Last updated on 2025-11-16 07:49:33 CET.
| Flavor | Version | Tinstall | Tcheck | Ttotal | Status | Flags |
|---|---|---|---|---|---|---|
| r-devel-linux-x86_64-debian-clang | 0.6.1 | 71.51 | 30.57 | 102.08 | OK | |
| r-devel-linux-x86_64-debian-gcc | 0.6.1 | 54.17 | 23.55 | 77.72 | OK | |
| r-devel-linux-x86_64-fedora-clang | 0.6.1 | 84.00 | 104.01 | 188.01 | OK | |
| r-devel-linux-x86_64-fedora-gcc | 0.6.1 | 126.00 | 62.52 | 188.52 | OK | |
| r-devel-windows-x86_64 | 0.6.1 | 93.00 | 74.00 | 167.00 | OK | |
| r-patched-linux-x86_64 | 0.6.1 | 77.97 | 28.62 | 106.59 | OK | |
| r-release-linux-x86_64 | 0.6.1 | 77.96 | 29.52 | 107.48 | OK | |
| r-release-macos-arm64 | 0.6.1 | 32.00 | 20.00 | 52.00 | OK | |
| r-release-macos-x86_64 | 0.6.1 | 37.00 | 45.00 | 82.00 | OK | |
| r-release-windows-x86_64 | 0.6.1 | 82.00 | 79.00 | 161.00 | OK | |
| r-oldrel-macos-arm64 | 0.6.1 | 30.00 | 19.00 | 49.00 | NOTE | |
| r-oldrel-macos-x86_64 | 0.6.1 | 35.00 | 26.00 | 61.00 | NOTE | |
| r-oldrel-windows-x86_64 | 0.6.1 | 103.00 | 86.00 | 189.00 | OK |
Version: 0.6.1
Check: installed package size
Result: NOTE
installed size is 7.6Mb
sub-directories of 1Mb or more:
libs 7.5Mb
Flavors: r-oldrel-macos-arm64, r-oldrel-macos-x86_64