Last updated on 2025-10-22 07:50:16 CEST.
Flavor | Version | Tinstall | Tcheck | Ttotal | Status | Flags |
---|---|---|---|---|---|---|
r-devel-linux-x86_64-debian-clang | 1.3.2 | 2.48 | 36.95 | 39.43 | NOTE | |
r-devel-linux-x86_64-debian-gcc | 1.3.2 | 1.95 | 26.45 | 28.40 | NOTE | |
r-devel-linux-x86_64-fedora-clang | 1.3.2 | 62.44 | OK | |||
r-devel-linux-x86_64-fedora-gcc | 1.3.2 | 59.07 | OK | |||
r-devel-windows-x86_64 | 1.3.2 | 3.00 | 50.00 | 53.00 | OK | |
r-patched-linux-x86_64 | 1.3.2 | 2.61 | 33.61 | 36.22 | OK | |
r-release-linux-x86_64 | 1.3.2 | 2.49 | 33.87 | 36.36 | OK | |
r-release-macos-arm64 | 1.3.2 | 1.00 | 21.00 | 22.00 | OK | |
r-release-macos-x86_64 | 1.3.2 | 2.00 | 34.00 | 36.00 | OK | |
r-release-windows-x86_64 | 1.3.2 | 4.00 | 51.00 | 55.00 | OK | |
r-oldrel-macos-arm64 | 1.3.2 | 1.00 | 21.00 | 22.00 | OK | |
r-oldrel-macos-x86_64 | 1.3.2 | 2.00 | 38.00 | 40.00 | OK | |
r-oldrel-windows-x86_64 | 1.3.2 | 6.00 | 60.00 | 66.00 | OK |
Version: 1.3.2
Check: HTML version of manual
Result: NOTE
Found the following HTML validation problems:
flipscores-method.html:60:1 (flipscores-method.Rd:19): Warning: missing </ul> before </div>
Flavors: r-devel-linux-x86_64-debian-clang, r-devel-linux-x86_64-debian-gcc