Last updated on 2024-06-04 18:47:49 CEST.
Flavor | Version | Tinstall | Tcheck | Ttotal | Status | Flags |
---|---|---|---|---|---|---|
r-devel-linux-x86_64-debian-clang | 0.3.4 | 41.58 | 72.26 | 113.84 | OK | |
r-devel-linux-x86_64-debian-gcc | 0.3.4 | 37.60 | 56.28 | 93.88 | OK | |
r-devel-linux-x86_64-fedora-clang | 0.3.4 | 153.85 | NOTE | |||
r-devel-linux-x86_64-fedora-gcc | 0.3.4 | 146.70 | OK | |||
r-devel-windows-x86_64 | 0.3.4 | 45.00 | 74.00 | 119.00 | NOTE | |
r-patched-linux-x86_64 | 0.3.4 | 40.51 | 68.00 | 108.51 | OK | |
r-release-linux-x86_64 | 0.3.4 | 43.30 | 69.87 | 113.17 | OK | |
r-release-macos-arm64 | 0.3.4 | 56.00 | NOTE | |||
r-release-windows-x86_64 | 0.3.4 | 43.00 | 72.00 | 115.00 | NOTE | |
r-oldrel-macos-arm64 | 0.3.4 | 66.00 | NOTE | |||
r-oldrel-macos-x86_64 | 0.3.4 | 85.00 | NOTE | |||
r-oldrel-windows-x86_64 | 0.3.4 | 49.00 | 127.00 | 176.00 | NOTE |
Version: 0.3.4
Check: installed package size
Result: NOTE
installed size is 7.2Mb
sub-directories of 1Mb or more:
R 7.0Mb
Flavors: r-devel-linux-x86_64-fedora-clang, r-devel-windows-x86_64, r-release-macos-arm64, r-release-windows-x86_64, r-oldrel-macos-arm64, r-oldrel-macos-x86_64, r-oldrel-windows-x86_64