Last updated on 2025-02-21 19:50:26 CET.
Flavor | Version | Tinstall | Tcheck | Ttotal | Status | Flags |
---|---|---|---|---|---|---|
r-devel-linux-x86_64-debian-clang | 1.1.1 | 37.72 | 134.01 | 171.73 | NOTE | |
r-devel-linux-x86_64-debian-gcc | 1.1.1 | 25.37 | 89.89 | 115.26 | NOTE | |
r-devel-linux-x86_64-fedora-clang | 1.1.1 | 275.71 | NOTE | |||
r-devel-linux-x86_64-fedora-gcc | 1.1.1 | 255.65 | NOTE | |||
r-devel-macos-arm64 | 1.1.1 | 71.00 | NOTE | |||
r-devel-macos-x86_64 | 1.1.1 | 124.00 | NOTE | |||
r-devel-windows-x86_64 | 1.1.1 | 40.00 | 145.00 | 185.00 | NOTE | |
r-patched-linux-x86_64 | 1.1.1 | 38.86 | 121.73 | 160.59 | NOTE | |
r-release-linux-x86_64 | 1.1.1 | 37.19 | 121.84 | 159.03 | NOTE | |
r-release-macos-arm64 | 1.1.1 | 69.00 | NOTE | |||
r-release-macos-x86_64 | 1.1.1 | 99.00 | NOTE | |||
r-release-windows-x86_64 | 1.1.1 | 42.00 | 145.00 | 187.00 | NOTE | |
r-oldrel-macos-arm64 | 1.1.1 | 77.00 | NOTE | |||
r-oldrel-macos-x86_64 | 1.1.1 | 130.00 | NOTE | |||
r-oldrel-windows-x86_64 | 1.1.1 | 51.00 | 176.00 | 227.00 | NOTE |
Version: 1.1.1
Check: C++ specification
Result: NOTE
Specified C++11: please drop specification unless essential
Flavors: r-devel-linux-x86_64-debian-clang, r-devel-linux-x86_64-debian-gcc, r-devel-linux-x86_64-fedora-clang, r-devel-linux-x86_64-fedora-gcc, r-devel-macos-arm64, r-devel-macos-x86_64, r-devel-windows-x86_64, r-patched-linux-x86_64, r-release-linux-x86_64, r-release-macos-arm64, r-release-macos-x86_64, r-release-windows-x86_64, r-oldrel-macos-arm64, r-oldrel-macos-x86_64, r-oldrel-windows-x86_64