CRAN Package Check Results for Package fmpcloudr

Last updated on 2025-10-22 07:50:16 CEST.

Flavor Version Tinstall Tcheck Ttotal Status Flags
r-devel-linux-x86_64-debian-clang 0.1.5 2.69 30.04 32.73 OK
r-devel-linux-x86_64-debian-gcc 0.1.5 2.11 22.85 24.96 OK
r-devel-linux-x86_64-fedora-clang 0.1.5 49.44 OK
r-devel-linux-x86_64-fedora-gcc 0.1.5 45.44 OK
r-devel-windows-x86_64 0.1.5 5.00 53.00 58.00 OK
r-patched-linux-x86_64 0.1.5 3.24 26.82 30.06 OK
r-release-linux-x86_64 0.1.5 2.48 27.05 29.53 OK
r-release-macos-arm64 0.1.5 1.00 18.00 19.00 OK
r-release-macos-x86_64 0.1.5 2.00 28.00 30.00 OK
r-release-windows-x86_64 0.1.5 7.00 54.00 61.00 OK
r-oldrel-macos-arm64 0.1.5 2.00 18.00 20.00 NOTE
r-oldrel-macos-x86_64 0.1.5 3.00 35.00 38.00 NOTE
r-oldrel-windows-x86_64 0.1.5 6.00 63.00 69.00 NOTE

Check Details

Version: 0.1.5
Check: LazyData
Result: NOTE 'LazyData' is specified without a 'data' directory Flavors: r-oldrel-macos-arm64, r-oldrel-macos-x86_64, r-oldrel-windows-x86_64