Last updated on 2025-11-11 18:49:54 CET.
| Flavor | Version | Tinstall | Tcheck | Ttotal | Status | Flags |
|---|---|---|---|---|---|---|
| r-devel-linux-x86_64-debian-clang | 0.2.2 | 13.29 | 48.25 | 61.54 | NOTE | |
| r-devel-linux-x86_64-debian-gcc | 0.2.2 | 10.62 | 35.20 | 45.82 | NOTE | |
| r-devel-linux-x86_64-fedora-clang | 0.2.2 | 53.00 | 53.15 | 106.15 | OK | |
| r-devel-linux-x86_64-fedora-gcc | 0.2.2 | 31.00 | 76.22 | 107.22 | OK | |
| r-devel-windows-x86_64 | 0.2.2 | 20.00 | 77.00 | 97.00 | OK | |
| r-patched-linux-x86_64 | 0.2.2 | 12.84 | 45.34 | 58.18 | OK | |
| r-release-linux-x86_64 | 0.2.2 | 12.37 | 45.80 | 58.17 | OK | |
| r-release-macos-arm64 | 0.2.2 | 7.00 | 47.00 | 54.00 | OK | |
| r-release-macos-x86_64 | 0.2.2 | 10.00 | 54.00 | 64.00 | OK | |
| r-release-windows-x86_64 | 0.2.2 | 20.00 | 75.00 | 95.00 | OK | |
| r-oldrel-macos-arm64 | 0.2.2 | 6.00 | 29.00 | 35.00 | OK | |
| r-oldrel-macos-x86_64 | 0.2.2 | 10.00 | 43.00 | 53.00 | OK | |
| r-oldrel-windows-x86_64 | 0.2.2 | 22.00 | 94.00 | 116.00 | OK |
Version: 0.2.2
Check: CRAN incoming feasibility
Result: NOTE
Maintainer: ‘Tom Wilson <tpw2@aber.ac.uk>’
Package CITATION file contains call(s) to old-style personList() or
as.personList(). Please use c() on person objects instead.
Package CITATION file contains call(s) to old-style citEntry(). Please
use bibentry() instead.
The Description field contains
Melanie Ganz (2014) <arXiv:1410.2838>. Methods for calculating the
Please refer to arXiv e-prints via their arXiv DOI <doi:10.48550/arXiv.YYMM.NNNNN>.
Flavors: r-devel-linux-x86_64-debian-clang, r-devel-linux-x86_64-debian-gcc