Last updated on 2025-10-24 07:49:49 CEST.
| Flavor | Version | Tinstall | Tcheck | Ttotal | Status | Flags |
|---|---|---|---|---|---|---|
| r-devel-linux-x86_64-debian-clang | 0.5.2 | 2.60 | 47.30 | 49.90 | NOTE | |
| r-devel-linux-x86_64-debian-gcc | 0.5.2 | 2.12 | 36.71 | 38.83 | NOTE | |
| r-devel-linux-x86_64-fedora-clang | 0.5.2 | 79.49 | NOTE | |||
| r-devel-linux-x86_64-fedora-gcc | 0.5.2 | 86.47 | NOTE | |||
| r-devel-windows-x86_64 | 0.5.2 | 4.00 | 60.00 | 64.00 | NOTE | |
| r-patched-linux-x86_64 | 0.5.2 | 2.48 | 44.08 | 46.56 | NOTE | |
| r-release-linux-x86_64 | 0.5.2 | 2.60 | 44.71 | 47.31 | NOTE | |
| r-release-macos-arm64 | 0.5.2 | 2.00 | 56.00 | 58.00 | NOTE | |
| r-release-macos-x86_64 | 0.5.2 | 2.00 | 55.00 | 57.00 | NOTE | |
| r-release-windows-x86_64 | 0.5.2 | 6.00 | 63.00 | 69.00 | NOTE | |
| r-oldrel-macos-arm64 | 0.5.2 | 2.00 | 34.00 | 36.00 | OK | |
| r-oldrel-macos-x86_64 | 0.5.2 | 3.00 | 49.00 | 52.00 | OK | |
| r-oldrel-windows-x86_64 | 0.5.2 | 6.00 | 75.00 | 81.00 | OK |
Version: 0.5.2
Check: DESCRIPTION meta-information
Result: NOTE
Missing dependency on R >= 4.1.0 because package code uses the pipe
|> or function shorthand \(...) syntax added in R 4.1.0.
File(s) using such syntax:
‘as_data_frame.Rd’ ‘as_list.Rd’ ‘dplyr_methods.Rd’ ‘fr_schema.R’
‘fr_tdr.R’ ‘read_fr_tdr.R’ ‘update_field.R’ ‘update_field.Rd’
Flavors: r-devel-linux-x86_64-debian-clang, r-devel-linux-x86_64-debian-gcc, r-devel-linux-x86_64-fedora-clang, r-devel-linux-x86_64-fedora-gcc, r-devel-windows-x86_64, r-patched-linux-x86_64, r-release-linux-x86_64, r-release-macos-arm64, r-release-macos-x86_64, r-release-windows-x86_64