Last updated on 2025-10-21 07:49:37 CEST.
Flavor | Version | Tinstall | Tcheck | Ttotal | Status | Flags |
---|---|---|---|---|---|---|
r-devel-linux-x86_64-debian-clang | 0.5.6 | 17.54 | 171.35 | 188.89 | OK | |
r-devel-linux-x86_64-debian-gcc | 0.5.6 | 12.44 | 119.46 | 131.90 | NOTE | |
r-devel-linux-x86_64-fedora-clang | 0.5.6 | 282.40 | OK | |||
r-devel-linux-x86_64-fedora-gcc | 0.5.6 | 274.05 | OK | |||
r-devel-windows-x86_64 | 0.5.6 | 23.00 | 230.00 | 253.00 | OK | |
r-patched-linux-x86_64 | 0.5.6 | 20.15 | 159.07 | 179.22 | OK | |
r-release-linux-x86_64 | 0.5.6 | 15.53 | 160.93 | 176.46 | OK | |
r-release-macos-arm64 | 0.5.6 | 82.00 | OK | |||
r-release-macos-x86_64 | 0.5.6 | 169.00 | OK | |||
r-release-windows-x86_64 | 0.5.6 | 25.00 | 230.00 | 255.00 | OK | |
r-oldrel-macos-arm64 | 0.5.6 | 80.00 | OK | |||
r-oldrel-macos-x86_64 | 0.5.6 | 166.00 | OK | |||
r-oldrel-windows-x86_64 | 0.5.6 | 28.00 | 266.00 | 294.00 | OK |
Version: 0.5.6
Check: HTML version of manual
Result: NOTE
Found the following HTML validation problems:
brainview.sd.html:83:1 (brainview.sd.Rd:33): Warning: missing </ul> before </div>
brainview.si.html:83:1 (brainview.si.Rd:33): Warning: missing </ul> before </div>
brainview.sr.html:108:1 (brainview.sr.Rd:48): Warning: missing </ul> before </div>
brainview.t4.html:83:1 (brainview.t4.Rd:33): Warning: missing </ul> before </div>
brainview.t9.html:83:1 (brainview.t9.Rd:33): Warning: missing </ul> before </div>
combine.colorbar.with.brainview.image.vertical.html:93:1 (combine.colorbar.with.brainview.image.vertical.Rd:39): Warning: missing </ul> before </div>
fslong.subjects.detect.html:46:1 (fslong.subjects.detect.Rd:10): Warning: missing </ul> before </div>
geod.patches.color.overlay.singlehemi.html:68:1 (geod.patches.color.overlay.singlehemi.Rd:24): Warning: missing </ul> before </div>
handle.rglactions.highlight.points.html:53:1 (handle.rglactions.highlight.points.Rd:17): Warning: missing </ul> before </div>
hemlist.ensure.contains.html:50:1 (hemlist.ensure.contains.Rd:12): Warning: missing </ul> before </div>
image.remap.color.html:60:1 (image.remap.color.Rd:19): Warning: missing </ul> before </div>
magick.grid.html:63:1 (magick.grid.Rd:21): Warning: missing </ul> before </div>
perform.rglactions.html:58:1 (perform.rglactions.Rd:16): Warning: missing </ul> before </div>
print.fs.coloredmesh.html:51:1 (print.fs.coloredmesh.Rd:12): Warning: missing </ul> before </div>
print.fs.coloredvoxels.html:51:1 (print.fs.coloredvoxels.Rd:12): Warning: missing </ul> before </div>
print.fsbrain.html:51:1 (print.fsbrain.Rd:12): Warning: missing </ul> before </div>
subject.report.html.html:68:1 (subject.report.html.Rd:24): Warning: missing </ul> before </div>
symmrange.html:46:1 (symmrange.Rd:10): Warning: missing </ul> before </div>
vis.paths.along.verts.html:58:1 (vis.paths.along.verts.Rd:18): Warning: missing </ul> before </div>
vis.rotated.coloredmeshes.html:78:1 (vis.rotated.coloredmeshes.Rd:30): Warning: missing </ul> before </div>
write.group.morph.standard.singlehemi.html:63:1 (write.group.morph.standard.singlehemi.Rd:21): Warning: missing </ul> before </div>
Flavor: r-devel-linux-x86_64-debian-gcc