Last updated on 2025-11-03 21:50:21 CET.
| Flavor | Version | Tinstall | Tcheck | Ttotal | Status | Flags | 
|---|---|---|---|---|---|---|
| r-devel-linux-x86_64-debian-clang | 0.1.7 | 1.94 | 23.31 | 25.25 | NOTE | |
| r-devel-linux-x86_64-debian-gcc | 0.1.7 | 1.53 | 18.60 | 20.13 | NOTE | |
| r-devel-linux-x86_64-fedora-clang | 0.1.7 | 37.31 | OK | |||
| r-devel-linux-x86_64-fedora-gcc | 0.1.7 | 34.81 | OK | |||
| r-devel-windows-x86_64 | 0.1.7 | 4.00 | 46.00 | 50.00 | OK | |
| r-patched-linux-x86_64 | 0.1.7 | 2.04 | 22.15 | 24.19 | OK | |
| r-release-linux-x86_64 | 0.1.7 | 1.58 | 21.96 | 23.54 | OK | |
| r-release-macos-arm64 | 0.1.7 | 1.00 | 17.00 | 18.00 | OK | |
| r-release-macos-x86_64 | 0.1.7 | 2.00 | 25.00 | 27.00 | OK | |
| r-release-windows-x86_64 | 0.1.7 | 2.00 | 46.00 | 48.00 | OK | |
| r-oldrel-macos-arm64 | 0.1.7 | 1.00 | 15.00 | 16.00 | OK | |
| r-oldrel-macos-x86_64 | 0.1.7 | 2.00 | 21.00 | 23.00 | OK | |
| r-oldrel-windows-x86_64 | 0.1.7 | 3.00 | 47.00 | 50.00 | OK | 
Version: 0.1.7
Check: CRAN incoming feasibility
Result: NOTE
  Maintainer: ‘Paul R. Rosenbaum <rosenbaum@wharton.upenn.edu>’
  
  No Authors@R field in DESCRIPTION.
  Please add one, modifying
    Authors@R: c(person(given = "Xinran",
                        family = "Li",
                        role = "aut"),
                 person(given = c("Paul", "R."),
                        family = "Rosenbaum",
                        role = c("aut", "cre"),
                        email = "rosenbaum@wharton.upenn.edu"))
  as necessary.
Flavors: r-devel-linux-x86_64-debian-clang, r-devel-linux-x86_64-debian-gcc