CRAN Package Check Results for Package futile.logger

Last updated on 2025-07-02 06:49:22 CEST.

Flavor Version Tinstall Tcheck Ttotal Status Flags
r-devel-linux-x86_64-debian-clang 1.4.3 2.80 23.48 26.28 NOTE
r-devel-linux-x86_64-debian-gcc 1.4.3 1.73 18.86 20.59 NOTE
r-devel-linux-x86_64-fedora-clang 1.4.3 37.97 OK
r-devel-linux-x86_64-fedora-gcc 1.4.3 40.00 OK
r-devel-windows-x86_64 1.4.3 4.00 46.00 50.00 OK
r-patched-linux-x86_64 OK
r-release-linux-x86_64 1.4.3 2.57 20.63 23.20 OK
r-release-macos-arm64 1.4.3 18.00 OK
r-release-macos-x86_64 1.4.3 27.00 OK
r-release-windows-x86_64 1.4.3 4.00 46.00 50.00 OK
r-oldrel-macos-arm64 1.4.3 17.00 OK
r-oldrel-macos-x86_64 1.4.3 23.00 OK
r-oldrel-windows-x86_64 1.4.3 5.00 48.00 53.00 OK

Check Details

Version: 1.4.3
Check: CRAN incoming feasibility
Result: NOTE Maintainer: ‘Brian Lee Yung Rowe <r@zatonovo.com>’ No Authors@R field in DESCRIPTION. Please add one, modifying Authors@R: person(given = c("Brian", "Lee", "Yung"), family = "Rowe", role = c("aut", "cre"), email = "r@zatonovo.com") as necessary. Flavors: r-devel-linux-x86_64-debian-clang, r-devel-linux-x86_64-debian-gcc