Last updated on 2025-11-03 21:50:21 CET.
| Flavor | Version | Tinstall | Tcheck | Ttotal | Status | Flags | 
|---|---|---|---|---|---|---|
| r-devel-linux-x86_64-debian-clang | 2.4.1 | 1.44 | 23.68 | 25.12 | NOTE | |
| r-devel-linux-x86_64-debian-gcc | 2.4.1 | 1.34 | 19.57 | 20.91 | NOTE | |
| r-devel-linux-x86_64-fedora-clang | 2.4.1 | 36.29 | OK | |||
| r-devel-linux-x86_64-fedora-gcc | 2.4.1 | 49.04 | OK | |||
| r-devel-windows-x86_64 | 2.4.1 | 3.00 | 44.00 | 47.00 | OK | |
| r-patched-linux-x86_64 | 2.4.1 | 1.73 | 23.11 | 24.84 | NOTE | |
| r-release-linux-x86_64 | 2.4.1 | 1.46 | 22.84 | 24.30 | NOTE | |
| r-release-macos-arm64 | 2.4.1 | 1.00 | 25.00 | 26.00 | OK | |
| r-release-macos-x86_64 | 2.4.1 | 1.00 | 47.00 | 48.00 | OK | |
| r-release-windows-x86_64 | 2.4.1 | 3.00 | 45.00 | 48.00 | OK | |
| r-oldrel-macos-arm64 | 2.4.1 | 1.00 | 22.00 | 23.00 | OK | |
| r-oldrel-macos-x86_64 | 2.4.1 | 1.00 | 31.00 | 32.00 | OK | |
| r-oldrel-windows-x86_64 | 2.4.1 | 2.00 | 48.00 | 50.00 | OK | 
Version: 2.4.1
Check: CRAN incoming feasibility
Result: NOTE
  Maintainer: ‘David Brahm <brahm@alum.mit.edu>’
  
  No Authors@R field in DESCRIPTION.
  Please add one, modifying
    Authors@R: person(given = "David",
                      family = "Brahm",
                      role = c("aut", "cre"),
                      email = "brahm@alum.mit.edu")
  as necessary.
Flavors: r-devel-linux-x86_64-debian-clang, r-devel-linux-x86_64-debian-gcc
Version: 2.4.1
Check: R code for possible problems
Result: NOTE
  Found the following calls to attach():
  File ‘g.data/R/g.data.attach.R’:
    attach(NULL, pos, basename(dir))
  See section ‘Good practice’ in ‘?attach’.
Flavors: r-devel-linux-x86_64-debian-clang, r-devel-linux-x86_64-debian-gcc, r-patched-linux-x86_64, r-release-linux-x86_64