Last updated on 2025-02-21 19:50:26 CET.
Flavor | Version | Tinstall | Tcheck | Ttotal | Status | Flags |
---|---|---|---|---|---|---|
r-devel-linux-x86_64-debian-clang | 3.0.4 | 67.15 | 60.24 | 127.39 | OK | |
r-devel-linux-x86_64-debian-gcc | 3.0.4 | 51.54 | 43.16 | 94.70 | OK | |
r-devel-linux-x86_64-fedora-clang | 3.0.4 | 215.29 | OK | |||
r-devel-linux-x86_64-fedora-gcc | 3.0.4 | 222.85 | OK | |||
r-devel-macos-arm64 | 3.0.4 | 58.00 | OK | |||
r-devel-macos-x86_64 | 3.0.4 | 91.00 | OK | |||
r-devel-windows-x86_64 | 3.0.4 | 77.00 | 114.00 | 191.00 | OK | |
r-patched-linux-x86_64 | 3.0.4 | 69.81 | 57.03 | 126.84 | OK | |
r-release-linux-x86_64 | 3.0.4 | 70.48 | 57.31 | 127.79 | OK | |
r-release-macos-arm64 | 3.0.4 | 62.00 | NOTE | |||
r-release-macos-x86_64 | 3.0.4 | 104.00 | NOTE | |||
r-release-windows-x86_64 | 3.0.4 | 74.00 | 98.00 | 172.00 | OK | |
r-oldrel-macos-arm64 | 3.0.4 | 64.00 | NOTE | |||
r-oldrel-macos-x86_64 | 3.0.4 | 102.00 | NOTE | |||
r-oldrel-windows-x86_64 | 3.0.4 | 79.00 | 120.00 | 199.00 | OK |
Version: 3.0.4
Check: installed package size
Result: NOTE
installed size is 6.9Mb
sub-directories of 1Mb or more:
libs 6.3Mb
Flavors: r-release-macos-arm64, r-release-macos-x86_64, r-oldrel-macos-arm64, r-oldrel-macos-x86_64