CRAN Package Check Results for Package gasanalyzer

Last updated on 2025-10-21 18:49:48 CEST.

Flavor Version Tinstall Tcheck Ttotal Status Flags
r-devel-linux-x86_64-debian-clang 0.4.3 8.10 81.60 89.70 NOTE
r-devel-linux-x86_64-debian-gcc 0.4.3 5.35 56.30 61.65 NOTE
r-devel-linux-x86_64-fedora-clang 0.4.3 59.00 87.82 146.82 OK
r-devel-linux-x86_64-fedora-gcc 0.4.3 17.00 129.64 146.64 OK
r-devel-windows-x86_64 0.4.3 10.00 91.00 101.00 OK
r-patched-linux-x86_64 0.4.3 7.51 75.61 83.12 OK
r-release-linux-x86_64 0.4.3 7.67 76.89 84.56 OK
r-release-macos-arm64 0.4.3 5.00 63.00 68.00 OK
r-release-macos-x86_64 0.4.3 9.00 108.00 117.00 OK
r-release-windows-x86_64 0.4.3 10.00 97.00 107.00 OK
r-oldrel-macos-arm64 0.4.3 3.00 53.00 56.00 OK
r-oldrel-macos-x86_64 0.4.3 6.00 90.00 96.00 OK
r-oldrel-windows-x86_64 0.4.3 13.00 118.00 131.00 OK

Check Details

Version: 0.4.3
Check: DESCRIPTION meta-information
Result: NOTE Author field differs from that derived from Authors@R Author: ‘Danny Tholen [aut, cre] (<https://orcid.org/0000-0002-9517-0939>, University of Natural Resources and Life Sciences, Vienna)’ Authors@R: ‘Danny Tholen [aut, cre] (ORCID: <https://orcid.org/0000-0002-9517-0939>, affiliation: University of Natural Resources and Life Sciences, Vienna)’ Flavors: r-devel-linux-x86_64-debian-clang, r-devel-linux-x86_64-debian-gcc