Last updated on 2025-11-15 18:48:42 CET.
| Flavor | Version | Tinstall | Tcheck | Ttotal | Status | Flags |
|---|---|---|---|---|---|---|
| r-devel-linux-x86_64-debian-clang | 0.4.4 | 23.24 | 37.74 | 60.98 | OK | |
| r-devel-linux-x86_64-debian-gcc | 0.4.4 | 15.37 | 29.07 | 44.44 | OK | |
| r-devel-linux-x86_64-fedora-clang | 0.4.4 | 107.00 | 3.83 | 110.83 | OK | |
| r-devel-linux-x86_64-fedora-gcc | 0.4.4 | 44.00 | 50.98 | 94.98 | OK | |
| r-devel-windows-x86_64 | 0.4.4 | 49.00 | 105.00 | 154.00 | OK | |
| r-patched-linux-x86_64 | 0.4.4 | 22.77 | 35.56 | 58.33 | OK | |
| r-release-linux-x86_64 | 0.4.4 | 22.95 | 35.26 | 58.21 | OK | |
| r-release-macos-arm64 | 0.4.4 | 14.00 | 34.00 | 48.00 | OK | |
| r-release-macos-x86_64 | 0.4.4 | 17.00 | 44.00 | 61.00 | OK | |
| r-release-windows-x86_64 | 0.4.4 | 42.00 | 107.00 | 149.00 | OK | |
| r-oldrel-macos-arm64 | 0.4.4 | 13.00 | 35.00 | 48.00 | OK | |
| r-oldrel-macos-x86_64 | 0.4.4 | 18.00 | 61.00 | 79.00 | OK | |
| r-oldrel-windows-x86_64 | 0.4.4 | 52.00 | 128.00 | 180.00 | NOTE |
Version: 0.4.4
Check: installed package size
Result: NOTE
installed size is 6.9Mb
sub-directories of 1Mb or more:
libs 6.6Mb
Flavor: r-oldrel-windows-x86_64