Last updated on 2025-10-22 07:50:17 CEST.
Flavor | Version | Tinstall | Tcheck | Ttotal | Status | Flags |
---|---|---|---|---|---|---|
r-devel-linux-x86_64-debian-clang | 0.1.19 | 11.12 | 78.23 | 89.35 | NOTE | |
r-devel-linux-x86_64-debian-gcc | 0.1.19 | 8.13 | 55.04 | 63.17 | NOTE | |
r-devel-linux-x86_64-fedora-clang | 0.1.19 | 28.00 | 110.49 | 138.49 | OK | |
r-devel-linux-x86_64-fedora-gcc | 0.1.19 | 23.00 | 105.27 | 128.27 | OK | |
r-devel-windows-x86_64 | 0.1.19 | 13.00 | 83.00 | 96.00 | OK | |
r-patched-linux-x86_64 | 0.1.19 | 10.86 | 72.37 | 83.23 | OK | |
r-release-linux-x86_64 | 0.1.19 | 10.24 | 72.86 | 83.10 | OK | |
r-release-macos-arm64 | 0.1.19 | 4.00 | 27.00 | 31.00 | OK | |
r-release-macos-x86_64 | 0.1.19 | 8.00 | 52.00 | 60.00 | OK | |
r-release-windows-x86_64 | 0.1.19 | 12.00 | 87.00 | 99.00 | OK | |
r-oldrel-macos-arm64 | 0.1.19 | 4.00 | 28.00 | 32.00 | OK | |
r-oldrel-macos-x86_64 | 0.1.19 | 6.00 | 42.00 | 48.00 | OK | |
r-oldrel-windows-x86_64 | 0.1.19 | 16.00 | 110.00 | 126.00 | OK |
Version: 0.1.19
Check: CRAN incoming feasibility
Result: NOTE
Maintainer: ‘Torben Tvedebrink <tvede@math.aau.dk>’
No Authors@R field in DESCRIPTION.
Please add one, modifying
Authors@R: person(given = "Torben",
family = "Tvedebrink",
role = c("aut", "cre"),
email = "tvede@math.aau.dk")
as necessary.
Package CITATION file contains call(s) to old-style personList() or
as.personList(). Please use c() on person objects instead.
Package CITATION file contains call(s) to old-style citEntry(). Please
use bibentry() instead.
Flavors: r-devel-linux-x86_64-debian-clang, r-devel-linux-x86_64-debian-gcc
Version: 0.1.19
Check: HTML version of manual
Result: NOTE
Found the following HTML validation problems:
app_genogeo.html:51:1 (app_genogeo.Rd:13): Warning: missing </ul> before </div>
bar_colour.html:50:1 (bar_colour.Rd:12): Warning: missing </ul> before </div>
profile_AA_x0.html:59:1 (profile_AA_x0.Rd:17): Warning: missing </ul> before </div>
Flavors: r-devel-linux-x86_64-debian-clang, r-devel-linux-x86_64-debian-gcc