Last updated on 2025-10-23 18:50:24 CEST.
| Flavor | Version | Tinstall | Tcheck | Ttotal | Status | Flags |
|---|---|---|---|---|---|---|
| r-devel-linux-x86_64-debian-clang | 0.0.2 | 1.96 | 73.99 | 75.95 | NOTE | |
| r-devel-linux-x86_64-debian-gcc | 0.0.2 | 1.66 | 60.32 | 61.98 | OK | |
| r-devel-linux-x86_64-fedora-clang | 0.0.2 | 92.90 | OK | |||
| r-devel-linux-x86_64-fedora-gcc | 0.0.2 | 125.69 | OK | |||
| r-devel-windows-x86_64 | 0.0.2 | 4.00 | 64.00 | 68.00 | OK | |
| r-patched-linux-x86_64 | 0.0.2 | 2.07 | 77.89 | 79.96 | OK | |
| r-release-linux-x86_64 | 0.0.2 | 2.05 | 75.03 | 77.08 | OK | |
| r-release-macos-arm64 | 0.0.2 | 1.00 | 42.00 | 43.00 | OK | |
| r-release-macos-x86_64 | 0.0.2 | 2.00 | 56.00 | 58.00 | OK | |
| r-release-windows-x86_64 | 0.0.2 | 5.00 | 64.00 | 69.00 | OK | |
| r-oldrel-macos-arm64 | 0.0.2 | 1.00 | 32.00 | 33.00 | OK | |
| r-oldrel-macos-x86_64 | 0.0.2 | 2.00 | 47.00 | 49.00 | OK | |
| r-oldrel-windows-x86_64 | 0.0.2 | 6.00 | 77.00 | 83.00 | OK |
Version: 0.0.2
Check: HTML version of manual
Result: NOTE
Found the following HTML validation problems:
function.ending.point.html:54:1 (function.ending.point.Rd:14): Warning: missing </ul> before </div>
translate.fn.calls.html:63:1 (translate.fn.calls.Rd:21): Warning: missing </ul> before </div>
Flavor: r-devel-linux-x86_64-debian-clang