CRAN Package Check Results for Package ggghost

Last updated on 2025-02-22 07:51:32 CET.

Flavor Version Tinstall Tcheck Ttotal Status Flags
r-devel-linux-x86_64-debian-clang 0.2.1 4.38 50.59 54.97 NOTE
r-devel-linux-x86_64-debian-gcc 0.2.1 2.96 36.17 39.13 NOTE
r-devel-linux-x86_64-fedora-clang 0.2.1 85.19 OK
r-devel-linux-x86_64-fedora-gcc 0.2.1 79.07 OK
r-devel-macos-arm64 0.2.1 28.00 OK
r-devel-macos-x86_64 0.2.1 51.00 OK
r-devel-windows-x86_64 0.2.1 6.00 73.00 79.00 NOTE
r-patched-linux-x86_64 0.2.1 8.76 44.80 53.56 NOTE
r-release-linux-x86_64 0.2.1 4.35 44.29 48.64 NOTE
r-release-macos-arm64 0.2.1 28.00 NOTE
r-release-macos-x86_64 0.2.1 40.00 NOTE
r-release-windows-x86_64 0.2.1 5.00 66.00 71.00 NOTE
r-oldrel-macos-arm64 0.2.1 28.00 NOTE
r-oldrel-macos-x86_64 0.2.1 43.00 NOTE
r-oldrel-windows-x86_64 0.2.1 7.00 75.00 82.00 NOTE

Check Details

Version: 0.2.1
Check: Rd cross-references
Result: NOTE Found the following Rd file(s) with Rd \link{} targets missing package anchors: identify_data.Rd: fortify Please provide package anchors for all Rd \link{} targets not in the package itself and the base packages. Flavors: r-devel-linux-x86_64-debian-clang, r-devel-linux-x86_64-debian-gcc, r-devel-windows-x86_64

Version: 0.2.1
Check: LazyData
Result: NOTE 'LazyData' is specified without a 'data' directory Flavors: r-patched-linux-x86_64, r-release-linux-x86_64, r-release-macos-arm64, r-release-macos-x86_64, r-release-windows-x86_64, r-oldrel-macos-arm64, r-oldrel-macos-x86_64, r-oldrel-windows-x86_64