Last updated on 2025-02-21 19:50:27 CET.
Flavor | Version | Tinstall | Tcheck | Ttotal | Status | Flags |
---|---|---|---|---|---|---|
r-devel-linux-x86_64-debian-clang | 1.6.5 | 8.66 | 147.06 | 155.72 | NOTE | |
r-devel-linux-x86_64-debian-gcc | 1.6.5 | 6.34 | 101.12 | 107.46 | NOTE | |
r-devel-linux-x86_64-fedora-clang | 1.6.5 | 236.20 | NOTE | |||
r-devel-linux-x86_64-fedora-gcc | 1.6.5 | 243.62 | NOTE | |||
r-devel-macos-arm64 | 1.6.5 | 75.00 | NOTE | |||
r-devel-macos-x86_64 | 1.6.5 | 144.00 | NOTE | |||
r-devel-windows-x86_64 | 1.6.5 | 11.00 | 167.00 | 178.00 | NOTE | |
r-patched-linux-x86_64 | 1.6.5 | 9.18 | 134.54 | 143.72 | NOTE | |
r-release-linux-x86_64 | 1.6.5 | 8.46 | 133.18 | 141.64 | NOTE | |
r-release-macos-arm64 | 1.6.5 | 72.00 | NOTE | |||
r-release-macos-x86_64 | 1.6.5 | 111.00 | NOTE | |||
r-release-windows-x86_64 | 1.6.5 | 11.00 | 161.00 | 172.00 | NOTE | |
r-oldrel-macos-arm64 | 1.6.5 | 76.00 | NOTE | |||
r-oldrel-macos-x86_64 | 1.6.5 | 128.00 | NOTE | |||
r-oldrel-windows-x86_64 | 1.6.5 | 12.00 | 177.00 | 189.00 | NOTE |
Version: 1.6.5
Check: package subdirectories
Result: NOTE
Problems with news in ‘NEWS.md’:
Cannot extract version info from the following section titles:
* Changes all data options to .data to decrease possibility of column naming overlap
Flavors: r-devel-linux-x86_64-debian-clang, r-devel-linux-x86_64-debian-gcc, r-devel-linux-x86_64-fedora-clang, r-devel-linux-x86_64-fedora-gcc, r-devel-macos-arm64, r-devel-macos-x86_64, r-devel-windows-x86_64, r-patched-linux-x86_64, r-release-linux-x86_64, r-release-macos-arm64, r-release-macos-x86_64, r-release-windows-x86_64, r-oldrel-macos-arm64, r-oldrel-macos-x86_64, r-oldrel-windows-x86_64