Last updated on 2025-02-21 06:49:41 CET.
Flavor | Version | Tinstall | Tcheck | Ttotal | Status | Flags |
---|---|---|---|---|---|---|
r-devel-linux-x86_64-debian-clang | 0.2.1 | 32.44 | 23.96 | 56.40 | NOTE | |
r-devel-linux-x86_64-debian-gcc | 0.2.1 | 22.02 | 18.93 | 40.95 | NOTE | |
r-devel-linux-x86_64-fedora-clang | 0.2.1 | 96.31 | NOTE | |||
r-devel-linux-x86_64-fedora-gcc | 0.2.1 | 97.31 | NOTE | |||
r-devel-macos-arm64 | 0.2.1 | 29.00 | NOTE | |||
r-devel-macos-x86_64 | 0.2.1 | 47.00 | NOTE | |||
r-devel-windows-x86_64 | 0.2.1 | 32.00 | 74.00 | 106.00 | NOTE | |
r-patched-linux-x86_64 | 0.2.1 | 32.75 | 22.80 | 55.55 | NOTE | |
r-release-linux-x86_64 | 0.2.1 | 29.09 | 22.86 | 51.95 | NOTE | |
r-release-macos-arm64 | 0.2.1 | 30.00 | NOTE | |||
r-release-macos-x86_64 | 0.2.1 | 43.00 | NOTE | |||
r-release-windows-x86_64 | 0.2.1 | 33.00 | 67.00 | 100.00 | NOTE | |
r-oldrel-macos-arm64 | 0.2.1 | 35.00 | OK | |||
r-oldrel-macos-x86_64 | 0.2.1 | 53.00 | OK | |||
r-oldrel-windows-x86_64 | 0.2.1 | 42.00 | 72.00 | 114.00 | OK |
Version: 0.2.1
Check: Rd files
Result: NOTE
checkRd: (-1) gigg.Rd:70-77: Lost braces in \itemize; \value handles \item{}{} directly
checkRd: (-1) gigg.Rd:78: Lost braces in \itemize; \value handles \item{}{} directly
checkRd: (-1) gigg.Rd:79: Lost braces in \itemize; \value handles \item{}{} directly
checkRd: (-1) gigg.Rd:80: Lost braces in \itemize; \value handles \item{}{} directly
checkRd: (-1) gigg.Rd:81: Lost braces in \itemize; \value handles \item{}{} directly
checkRd: (-1) gigg.Rd:82: Lost braces in \itemize; \value handles \item{}{} directly
checkRd: (-1) gigg.Rd:83: Lost braces in \itemize; \value handles \item{}{} directly
checkRd: (-1) gigg.Rd:84: Lost braces in \itemize; \value handles \item{}{} directly
checkRd: (-1) gigg.Rd:85: Lost braces in \itemize; \value handles \item{}{} directly
checkRd: (-1) gigg.Rd:86: Lost braces in \itemize; \value handles \item{}{} directly
Flavors: r-devel-linux-x86_64-debian-clang, r-devel-linux-x86_64-debian-gcc, r-devel-linux-x86_64-fedora-clang, r-devel-linux-x86_64-fedora-gcc, r-devel-macos-arm64, r-devel-macos-x86_64, r-devel-windows-x86_64, r-patched-linux-x86_64, r-release-linux-x86_64, r-release-macos-arm64, r-release-macos-x86_64, r-release-windows-x86_64