Last updated on 2025-10-22 21:50:05 CEST.
Flavor | Version | Tinstall | Tcheck | Ttotal | Status | Flags |
---|---|---|---|---|---|---|
r-devel-linux-x86_64-debian-clang | 1.1.1 | 9.50 | 91.85 | 101.35 | NOTE | |
r-devel-linux-x86_64-debian-gcc | 1.1.1 | 7.21 | 65.84 | 73.05 | OK | |
r-devel-linux-x86_64-fedora-clang | 1.1.1 | 30.00 | 121.34 | 151.34 | OK | |
r-devel-linux-x86_64-fedora-gcc | 1.1.1 | 23.00 | 132.30 | 155.30 | OK | |
r-devel-windows-x86_64 | 1.1.1 | 10.00 | 104.00 | 114.00 | OK | |
r-patched-linux-x86_64 | 1.1.1 | 9.12 | 84.23 | 93.35 | OK | |
r-release-linux-x86_64 | 1.1.1 | 10.00 | 84.79 | 94.79 | OK | |
r-release-macos-arm64 | 1.1.1 | 5.00 | 79.00 | 84.00 | OK | |
r-release-macos-x86_64 | 1.1.1 | 12.00 | 118.00 | 130.00 | OK | |
r-release-windows-x86_64 | 1.1.1 | 12.00 | 106.00 | 118.00 | OK | |
r-oldrel-macos-arm64 | 1.1.1 | 4.00 | 58.00 | 62.00 | OK | |
r-oldrel-macos-x86_64 | 1.1.1 | 7.00 | 122.00 | 129.00 | OK | |
r-oldrel-windows-x86_64 | 1.1.1 | 14.00 | 128.00 | 142.00 | ERROR |
Version: 1.1.1
Check: HTML version of manual
Result: NOTE
Found the following HTML validation problems:
cn_setup.html:55:1 (cn_setup.Rd:16): Warning: missing </ul> before </div>
ctrl_genes.html:55:1 (ctrl_genes.Rd:16): Warning: missing </ul> before </div>
encrypt_creds_path.html:46:1 (encrypt_creds_path.Rd:10): Warning: missing </ul> before </div>
gimap_stats.html:54:1 (gimap_stats.Rd:14): Warning: missing </ul> before </div>
tpm_setup.html:55:1 (tpm_setup.Rd:16): Warning: missing </ul> before </div>
Flavor: r-devel-linux-x86_64-debian-clang
Version: 1.1.1
Check: re-building of vignette outputs
Result: ERROR
Error(s) in re-building vignettes:
--- re-building 'quick-start.Rmd' using rmarkdown
File output_timepoints/exp_v_obs_scatter.png not found in resource path
Error: processing vignette 'quick-start.Rmd' failed with diagnostics:
pandoc document conversion failed with error 99
--- failed re-building 'quick-start.Rmd'
--- re-building 'timepoint-example.Rmd' using rmarkdown
Warning in get_engine(options$engine) :
Unknown language engine 'reval' (must be registered via knit_engines$set()).
File output_timepoints/exp_v_obs_scatter.png not found in resource path
Error: processing vignette 'timepoint-example.Rmd' failed with diagnostics:
pandoc document conversion failed with error 99
--- failed re-building 'timepoint-example.Rmd'
--- re-building 'treatment_example.Rmd' using rmarkdown
File output_treatment/exp_v_obs_scatter.png not found in resource path
Error: processing vignette 'treatment_example.Rmd' failed with diagnostics:
pandoc document conversion failed with error 99
--- failed re-building 'treatment_example.Rmd'
SUMMARY: processing the following files failed:
'quick-start.Rmd' 'timepoint-example.Rmd' 'treatment_example.Rmd'
Error: Vignette re-building failed.
Execution halted
Flavor: r-oldrel-windows-x86_64