CRAN Package Check Results for Package gkgraphR

Last updated on 2025-10-24 19:50:34 CEST.

Flavor Version Tinstall Tcheck Ttotal Status Flags
r-devel-linux-x86_64-debian-clang 1.0.2 1.51 22.31 23.82 NOTE
r-devel-linux-x86_64-debian-gcc 1.0.2 1.44 18.37 19.81 NOTE
r-devel-linux-x86_64-fedora-clang 1.0.2 36.93 NOTE
r-devel-linux-x86_64-fedora-gcc 1.0.2 48.86 NOTE
r-devel-windows-x86_64 1.0.2 4.00 41.00 45.00 NOTE
r-patched-linux-x86_64 1.0.2 1.65 20.94 22.59 NOTE
r-release-linux-x86_64 1.0.2 1.60 20.86 22.46 NOTE
r-release-macos-arm64 1.0.2 1.00 26.00 27.00 NOTE
r-release-macos-x86_64 1.0.2 2.00 46.00 48.00 NOTE
r-release-windows-x86_64 1.0.2 4.00 42.00 46.00 NOTE
r-oldrel-macos-arm64 1.0.2 1.00 20.00 21.00 NOTE
r-oldrel-macos-x86_64 1.0.2 1.00 34.00 35.00 NOTE
r-oldrel-windows-x86_64 1.0.2 4.00 49.00 53.00 NOTE

Check Details

Version: 1.0.2
Check: package subdirectories
Result: NOTE Problems with news in ‘NEWS.md’: No news entries found. Flavors: r-devel-linux-x86_64-debian-clang, r-devel-linux-x86_64-debian-gcc, r-devel-linux-x86_64-fedora-clang, r-devel-linux-x86_64-fedora-gcc, r-devel-windows-x86_64, r-patched-linux-x86_64, r-release-linux-x86_64, r-release-macos-arm64, r-release-macos-x86_64, r-release-windows-x86_64, r-oldrel-macos-arm64, r-oldrel-macos-x86_64, r-oldrel-windows-x86_64