Last updated on 2025-11-11 18:49:56 CET.
| Flavor | Version | Tinstall | Tcheck | Ttotal | Status | Flags |
|---|---|---|---|---|---|---|
| r-devel-linux-x86_64-debian-clang | 0.1.2 | 26.94 | 103.81 | 130.75 | NOTE | |
| r-devel-linux-x86_64-debian-gcc | 0.1.2 | 19.02 | 73.07 | 92.09 | NOTE | |
| r-devel-linux-x86_64-fedora-clang | 0.1.2 | 146.00 | 76.67 | 222.67 | OK | |
| r-devel-linux-x86_64-fedora-gcc | 0.1.2 | 55.00 | 138.78 | 193.78 | OK | |
| r-devel-windows-x86_64 | 0.1.2 | 35.00 | 131.00 | 166.00 | OK | |
| r-patched-linux-x86_64 | 0.1.2 | 26.79 | 99.96 | 126.75 | OK | |
| r-release-linux-x86_64 | 0.1.2 | 26.65 | 99.86 | 126.51 | OK | |
| r-release-macos-arm64 | 0.1.2 | 15.00 | 53.00 | 68.00 | OK | |
| r-release-macos-x86_64 | 0.1.2 | 20.00 | 90.00 | 110.00 | OK | |
| r-release-windows-x86_64 | 0.1.2 | 33.00 | 128.00 | 161.00 | OK | |
| r-oldrel-macos-arm64 | 0.1.2 | 13.00 | 45.00 | 58.00 | OK | |
| r-oldrel-macos-x86_64 | 0.1.2 | 22.00 | 66.00 | 88.00 | OK | |
| r-oldrel-windows-x86_64 | 0.1.2 | 42.00 | 164.00 | 206.00 | OK |
Version: 0.1.2
Check: CRAN incoming feasibility
Result: NOTE
Maintainer: ‘Eduardo García-Portugués <edgarcia@est-econ.uc3m.es>’
The BugReports field in DESCRIPTION has
https://github.com/egarpor/goffda
which should likely be
https://github.com/egarpor/goffda/issues
instead.
Flavors: r-devel-linux-x86_64-debian-clang, r-devel-linux-x86_64-debian-gcc