CRAN Package Check Results for Package graph4lg

Last updated on 2025-07-20 18:51:32 CEST.

Flavor Version Tinstall Tcheck Ttotal Status Flags
r-devel-linux-x86_64-debian-clang 1.8.0 13.94 178.88 192.82 NOTE
r-devel-linux-x86_64-debian-gcc 1.8.0 8.44 128.98 137.42 NOTE
r-devel-linux-x86_64-fedora-clang 1.8.0 309.60 NOTE
r-devel-linux-x86_64-fedora-gcc 1.8.0 285.95 NOTE
r-devel-windows-x86_64 1.8.0 15.00 191.00 206.00 OK
r-patched-linux-x86_64 1.8.0 15.38 169.48 184.86 OK
r-release-linux-x86_64 1.8.0 11.88 172.16 184.04 OK
r-release-macos-arm64 1.8.0 85.00 OK
r-release-macos-x86_64 1.8.0 166.00 OK
r-release-windows-x86_64 1.8.0 18.00 229.00 247.00 OK
r-oldrel-macos-arm64 1.8.0 84.00 OK
r-oldrel-macos-x86_64 1.8.0 127.00 OK
r-oldrel-windows-x86_64 1.8.0 20.00 243.00 263.00 OK

Check Details

Version: 1.8.0
Check: CRAN incoming feasibility
Result: NOTE Maintainer: ‘Paul Savary <psavary@protonmail.com>’ Package CITATION file contains call(s) to old-style personList() or as.personList(). Please use c() on person objects instead. Package CITATION file contains call(s) to old-style citEntry(). Please use bibentry() instead. Flavors: r-devel-linux-x86_64-debian-clang, r-devel-linux-x86_64-debian-gcc

Version: 1.8.0
Check: dependencies in R code
Result: NOTE Namespace in Imports field not imported from: ‘Rdpack’ All declared Imports should be used. Flavors: r-devel-linux-x86_64-fedora-clang, r-devel-linux-x86_64-fedora-gcc