Last updated on 2025-02-22 07:51:32 CET.
Flavor | Version | Tinstall | Tcheck | Ttotal | Status | Flags |
---|---|---|---|---|---|---|
r-devel-linux-x86_64-debian-clang | 1.0.0 | 9.79 | 108.95 | 118.74 | OK | |
r-devel-linux-x86_64-debian-gcc | 1.0.0 | 6.38 | 78.28 | 84.66 | OK | |
r-devel-linux-x86_64-fedora-clang | 1.0.0 | 185.03 | NOTE | |||
r-devel-linux-x86_64-fedora-gcc | 1.0.0 | 190.92 | NOTE | |||
r-devel-macos-arm64 | 1.0.0 | 62.00 | OK | |||
r-devel-macos-x86_64 | 1.0.0 | 135.00 | OK | |||
r-devel-windows-x86_64 | 1.0.0 | 11.00 | 127.00 | 138.00 | OK | |
r-patched-linux-x86_64 | 1.0.0 | 10.21 | 100.04 | 110.25 | NOTE | |
r-release-linux-x86_64 | 1.0.0 | 10.47 | 99.49 | 109.96 | NOTE | |
r-release-macos-arm64 | 1.0.0 | 58.00 | NOTE | |||
r-release-macos-x86_64 | 1.0.0 | 87.00 | NOTE | |||
r-release-windows-x86_64 | 1.0.0 | 11.00 | 116.00 | 127.00 | NOTE | |
r-oldrel-macos-arm64 | 1.0.0 | 67.00 | NOTE | |||
r-oldrel-macos-x86_64 | 1.0.0 | 98.00 | NOTE | |||
r-oldrel-windows-x86_64 | 1.0.0 | 14.00 | 133.00 | 147.00 | NOTE |
Version: 1.0.0
Check: dependencies in R code
Result: NOTE
Namespace in Imports field not imported from: ‘reshape2’
All declared Imports should be used.
Flavors: r-devel-linux-x86_64-fedora-clang, r-devel-linux-x86_64-fedora-gcc
Version: 1.0.0
Check: LazyData
Result: NOTE
'LazyData' is specified without a 'data' directory
Flavors: r-patched-linux-x86_64, r-release-linux-x86_64, r-release-macos-arm64, r-release-macos-x86_64, r-release-windows-x86_64, r-oldrel-macos-arm64, r-oldrel-macos-x86_64, r-oldrel-windows-x86_64