CRAN Package Check Results for Package gridDebug

Last updated on 2025-02-22 07:51:32 CET.

Flavor Version Tinstall Tcheck Ttotal Status Flags
r-devel-linux-x86_64-debian-clang 0.5-1 4.66 43.56 48.22 OK
r-devel-linux-x86_64-debian-gcc 0.5-1 0.26 1.35 1.61 ERROR
r-devel-linux-x86_64-fedora-clang 0.5-1 75.89 OK
r-devel-linux-x86_64-fedora-gcc 0.5-1 72.81 OK
r-devel-macos-arm64 0.5-1 27.00 OK
r-devel-macos-x86_64 0.5-1 49.00 OK
r-devel-windows-x86_64 0.5-1 6.00 67.00 73.00 OK
r-patched-linux-x86_64 0.5-1 3.94 40.57 44.51 OK
r-release-linux-x86_64 0.5-1 4.42 40.62 45.04 OK
r-release-macos-arm64 0.5-1 27.00 OK
r-release-macos-x86_64 0.5-1 60.00 OK
r-release-windows-x86_64 0.5-1 5.00 57.00 62.00 OK
r-oldrel-macos-arm64 0.5-1 26.00 OK
r-oldrel-macos-x86_64 0.5-1 38.00 OK
r-oldrel-windows-x86_64 0.5-1 7.00 67.00 74.00 OK

Check Details

Version: 0.5-1
Check: package dependencies
Result: ERROR Package required but not available: ‘gridGraphviz’ See section ‘The DESCRIPTION file’ in the ‘Writing R Extensions’ manual. Flavor: r-devel-linux-x86_64-debian-gcc