CRAN Package Check Results for Package gsloid

Last updated on 2025-11-16 07:49:35 CET.

Flavor Version Tinstall Tcheck Ttotal Status Flags
r-devel-linux-x86_64-debian-clang 0.2.0 1.57 31.33 32.90 NOTE
r-devel-linux-x86_64-debian-gcc 0.2.0 1.40 25.62 27.02 NOTE
r-devel-linux-x86_64-fedora-clang 0.2.0 50.36 NOTE
r-devel-linux-x86_64-fedora-gcc 0.2.0 60.05 NOTE
r-devel-windows-x86_64 0.2.0 4.00 47.00 51.00 NOTE
r-patched-linux-x86_64 0.2.0 1.68 28.69 30.37 NOTE
r-release-linux-x86_64 0.2.0 1.44 28.79 30.23 NOTE
r-release-macos-arm64 0.2.0 1.00 25.00 26.00 NOTE
r-release-macos-x86_64 0.2.0 2.00 41.00 43.00 NOTE
r-release-windows-x86_64 0.2.0 3.00 46.00 49.00 NOTE
r-oldrel-macos-arm64 0.2.0 1.00 22.00 23.00 NOTE
r-oldrel-macos-x86_64 0.2.0 1.00 33.00 34.00 NOTE
r-oldrel-windows-x86_64 0.2.0 3.00 56.00 59.00 NOTE

Check Details

Version: 0.2.0
Check: CRAN incoming feasibility
Result: NOTE Maintainer: ‘Ben Marwick <benmarwick@gmail.com>’ The BugReports field in DESCRIPTION has https://github.com/benmarwick/gsloid which should likely be https://github.com/benmarwick/gsloid/issues instead. Flavors: r-devel-linux-x86_64-debian-clang, r-devel-linux-x86_64-debian-gcc

Version: 0.2.0
Check: Rd files
Result: NOTE checkRd: (-1) lisiecki2005.Rd:21: Lost braces in \itemize; meant \describe ? checkRd: (-1) lisiecki2005.Rd:22: Lost braces in \itemize; meant \describe ? checkRd: (-1) lisiecki2005.Rd:23: Lost braces in \itemize; meant \describe ? checkRd: (-1) spratt2016.Rd:21: Lost braces in \itemize; meant \describe ? checkRd: (-1) spratt2016.Rd:22: Lost braces in \itemize; meant \describe ? checkRd: (-1) spratt2016.Rd:23: Lost braces in \itemize; meant \describe ? checkRd: (-1) spratt2016.Rd:24: Lost braces in \itemize; meant \describe ? checkRd: (-1) spratt2016.Rd:25: Lost braces in \itemize; meant \describe ? checkRd: (-1) spratt2016.Rd:26: Lost braces in \itemize; meant \describe ? checkRd: (-1) spratt2016.Rd:27: Lost braces in \itemize; meant \describe ? checkRd: (-1) spratt2016.Rd:28: Lost braces in \itemize; meant \describe ? checkRd: (-1) spratt2016.Rd:29: Lost braces in \itemize; meant \describe ? Flavors: r-devel-linux-x86_64-debian-clang, r-devel-linux-x86_64-debian-gcc, r-devel-linux-x86_64-fedora-clang, r-devel-linux-x86_64-fedora-gcc, r-devel-windows-x86_64, r-patched-linux-x86_64, r-release-linux-x86_64, r-release-macos-arm64, r-release-macos-x86_64, r-release-windows-x86_64, r-oldrel-macos-arm64, r-oldrel-macos-x86_64, r-oldrel-windows-x86_64