Last updated on 2025-02-20 18:53:00 CET.
Flavor | Version | Tinstall | Tcheck | Ttotal | Status | Flags |
---|---|---|---|---|---|---|
r-devel-linux-x86_64-debian-clang | 0.11.1 | 33.09 | 242.77 | 275.86 | OK | |
r-devel-linux-x86_64-debian-gcc | 0.11.1 | 21.21 | 156.37 | 177.58 | OK | |
r-devel-linux-x86_64-fedora-clang | 0.11.1 | 447.07 | OK | |||
r-devel-linux-x86_64-fedora-gcc | 0.11.1 | 413.57 | OK | |||
r-devel-macos-arm64 | 0.11.1 | 94.00 | OK | |||
r-devel-macos-x86_64 | 0.11.1 | 217.00 | OK | |||
r-devel-windows-x86_64 | 0.11.1 | 39.00 | 253.00 | 292.00 | OK | |
r-patched-linux-x86_64 | 0.11.1 | 45.84 | 231.52 | 277.36 | OK | |
r-release-linux-x86_64 | 0.11.1 | 30.30 | 228.44 | 258.74 | OK | |
r-release-macos-arm64 | 0.11.1 | 93.00 | NOTE | |||
r-release-macos-x86_64 | 0.11.1 | 175.00 | NOTE | |||
r-release-windows-x86_64 | 0.11.1 | 41.00 | 246.00 | 287.00 | NOTE | |
r-oldrel-macos-arm64 | 0.11.1 | 87.00 | NOTE | |||
r-oldrel-macos-x86_64 | 0.11.1 | 174.00 | NOTE | |||
r-oldrel-windows-x86_64 | 0.11.1 | 52.00 | 291.00 | 343.00 | NOTE |
Version: 0.11.1
Check: installed package size
Result: NOTE
installed size is 8.0Mb
sub-directories of 1Mb or more:
R 2.8Mb
data 1.1Mb
help 2.8Mb
Flavors: r-release-macos-arm64, r-release-macos-x86_64, r-release-windows-x86_64, r-oldrel-macos-arm64, r-oldrel-macos-x86_64, r-oldrel-windows-x86_64