Last updated on 2025-11-12 07:50:52 CET.
| Flavor | Version | Tinstall | Tcheck | Ttotal | Status | Flags |
|---|---|---|---|---|---|---|
| r-devel-linux-x86_64-debian-clang | 1.0.0 | 2.08 | 24.08 | 26.16 | OK | |
| r-devel-linux-x86_64-debian-gcc | 1.0.0 | 1.59 | 19.42 | 21.01 | OK | |
| r-devel-linux-x86_64-fedora-clang | 1.0.0 | 11.00 | 28.15 | 39.15 | OK | |
| r-devel-linux-x86_64-fedora-gcc | 1.0.0 | 32.12 | OK | |||
| r-devel-windows-x86_64 | 1.0.0 | 4.00 | 42.00 | 46.00 | OK | |
| r-patched-linux-x86_64 | 1.0.0 | 1.97 | 21.93 | 23.90 | OK | |
| r-release-linux-x86_64 | 1.0.0 | 1.77 | 21.94 | 23.71 | OK | |
| r-release-macos-arm64 | 1.0.0 | 1.00 | 15.00 | 16.00 | OK | |
| r-release-macos-x86_64 | 1.0.0 | 2.00 | 23.00 | 25.00 | OK | |
| r-release-windows-x86_64 | 1.0.0 | 4.00 | 39.00 | 43.00 | OK | |
| r-oldrel-macos-arm64 | 1.0.0 | 1.00 | 15.00 | 16.00 | NOTE | |
| r-oldrel-macos-x86_64 | 1.0.0 | 2.00 | 23.00 | 25.00 | NOTE | |
| r-oldrel-windows-x86_64 | 1.0.0 | 6.00 | 46.00 | 52.00 | NOTE |
Version: 1.0.0
Check: LazyData
Result: NOTE
'LazyData' is specified without a 'data' directory
Flavors: r-oldrel-macos-arm64, r-oldrel-macos-x86_64, r-oldrel-windows-x86_64