Last updated on 2025-02-22 07:51:33 CET.
Flavor | Version | Tinstall | Tcheck | Ttotal | Status | Flags |
---|---|---|---|---|---|---|
r-devel-linux-x86_64-debian-clang | 1.1.3.1 | 15.12 | 101.76 | 116.88 | NOTE | |
r-devel-linux-x86_64-debian-gcc | 1.1.3.1 | 10.16 | 71.72 | 81.88 | NOTE | |
r-devel-linux-x86_64-fedora-clang | 1.1.3.1 | 188.57 | OK | |||
r-devel-linux-x86_64-fedora-gcc | 1.1.3.1 | 180.63 | OK | |||
r-devel-macos-arm64 | 1.1.3.1 | 49.00 | OK | |||
r-devel-macos-x86_64 | 1.1.3.1 | 105.00 | OK | |||
r-devel-windows-x86_64 | 1.1.3.1 | 15.00 | 122.00 | 137.00 | NOTE | |
r-patched-linux-x86_64 | 1.1.3.1 | 18.10 | 96.87 | 114.97 | OK | |
r-release-linux-x86_64 | 1.1.3.1 | 13.44 | 95.99 | 109.43 | OK | |
r-release-macos-arm64 | 1.1.3.1 | 49.00 | OK | |||
r-release-macos-x86_64 | 1.1.3.1 | 87.00 | OK | |||
r-release-windows-x86_64 | 1.1.3.1 | 15.00 | 115.00 | 130.00 | OK | |
r-oldrel-macos-arm64 | 1.1.3.1 | 48.00 | OK | |||
r-oldrel-macos-x86_64 | 1.1.3.1 | 82.00 | OK | |||
r-oldrel-windows-x86_64 | 1.1.3.1 | 21.00 | 141.00 | 162.00 | OK |
Version: 1.1.3.1
Check: Rd cross-references
Result: NOTE
Found the following Rd file(s) with Rd \link{} targets missing package
anchors:
Parsimnet-class.Rd: network, networx
as.DNAbin-methods.Rd: DNAbin
as.dna-methods.Rd: DNAbin, phyDat
as.network-methods.Rd: network
as.networx-methods.Rd: networx, as.splits
as.phyDat-methods.Rd: phyDat
parsimnet-methods.Rd: network
pielegend-methods.Rd: floating.pie, plot.network.default
pieplot-methods.Rd: network.layout, floating.pie, network.vertex,
plot.network.default
plot-methods.Rd: plot.network.default
Please provide package anchors for all Rd \link{} targets not in the
package itself and the base packages.
Flavors: r-devel-linux-x86_64-debian-clang, r-devel-linux-x86_64-debian-gcc, r-devel-windows-x86_64