Last updated on 2025-02-21 19:50:28 CET.
Flavor | Version | Tinstall | Tcheck | Ttotal | Status | Flags |
---|---|---|---|---|---|---|
r-devel-linux-x86_64-debian-clang | 1.0.3 | 94.59 | 83.10 | 177.69 | OK | |
r-devel-linux-x86_64-debian-gcc | 1.0.3 | 70.39 | 56.01 | 126.40 | OK | |
r-devel-linux-x86_64-fedora-clang | 1.0.3 | 333.80 | OK | |||
r-devel-linux-x86_64-fedora-gcc | 1.0.3 | 380.26 | OK | |||
r-devel-macos-arm64 | 1.0.3 | 80.00 | OK | |||
r-devel-macos-x86_64 | 1.0.3 | 171.00 | OK | |||
r-devel-windows-x86_64 | 1.0.3 | 101.00 | 125.00 | 226.00 | OK | |
r-patched-linux-x86_64 | 1.0.3 | 102.33 | 78.64 | 180.97 | OK | |
r-release-linux-x86_64 | 1.0.3 | 101.76 | 77.63 | 179.39 | OK | |
r-release-macos-arm64 | 1.0.3 | 83.00 | NOTE | |||
r-release-macos-x86_64 | 1.0.3 | 96.00 | NOTE | |||
r-release-windows-x86_64 | 1.0.3 | 102.00 | 129.00 | 231.00 | OK | |
r-oldrel-macos-arm64 | 1.0.3 | 91.00 | NOTE | |||
r-oldrel-macos-x86_64 | 1.0.3 | 124.00 | NOTE | |||
r-oldrel-windows-x86_64 | 1.0.3 | 125.00 | 174.00 | 299.00 | OK |
Version: 1.0.3
Check: installed package size
Result: NOTE
installed size is 11.9Mb
sub-directories of 1Mb or more:
libs 11.4Mb
Flavors: r-release-macos-arm64, r-release-macos-x86_64, r-oldrel-macos-arm64, r-oldrel-macos-x86_64