Last updated on 2025-11-11 18:49:56 CET.
| Flavor | Version | Tinstall | Tcheck | Ttotal | Status | Flags |
|---|---|---|---|---|---|---|
| r-devel-linux-x86_64-debian-clang | 1.2.33 | 61.34 | 185.83 | 247.17 | OK | |
| r-devel-linux-x86_64-debian-gcc | 1.2.33 | 41.93 | 114.04 | 155.97 | OK | |
| r-devel-linux-x86_64-fedora-clang | 1.2.33 | 142.00 | 281.19 | 423.19 | OK | |
| r-devel-linux-x86_64-fedora-gcc | 1.2.33 | 151.00 | 223.26 | 374.26 | OK | |
| r-devel-windows-x86_64 | 1.2.33 | 74.00 | 162.00 | 236.00 | OK | |
| r-patched-linux-x86_64 | 1.2.33 | 62.11 | 176.79 | 238.90 | OK | |
| r-release-linux-x86_64 | 1.2.33 | 57.93 | 175.77 | 233.70 | OK | |
| r-release-macos-arm64 | 1.2.33 | 23.00 | 58.00 | 81.00 | OK | |
| r-release-macos-x86_64 | 1.2.33 | 32.00 | 126.00 | 158.00 | OK | |
| r-release-windows-x86_64 | 1.2.33 | 66.00 | 153.00 | 219.00 | OK | |
| r-oldrel-macos-arm64 | 1.2.33 | 27.00 | 57.00 | 84.00 | NOTE | |
| r-oldrel-macos-x86_64 | 1.2.33 | 26.00 | 94.00 | 120.00 | NOTE | |
| r-oldrel-windows-x86_64 | 1.2.33 | 92.00 | 220.00 | 312.00 | OK |
Version: 1.2.33
Check: installed package size
Result: NOTE
installed size is 6.0Mb
sub-directories of 1Mb or more:
extdata 2.6Mb
libs 3.3Mb
Flavors: r-oldrel-macos-arm64, r-oldrel-macos-x86_64