Last updated on 2025-11-10 07:49:14 CET.
| Flavor | Version | Tinstall | Tcheck | Ttotal | Status | Flags |
|---|---|---|---|---|---|---|
| r-devel-linux-x86_64-debian-clang | 3.1.0 | 156.57 | 78.02 | 234.59 | OK | |
| r-devel-linux-x86_64-debian-gcc | 3.1.0 | 109.80 | 57.22 | 167.02 | OK | |
| r-devel-linux-x86_64-fedora-clang | 3.1.0 | 230.00 | 175.91 | 405.91 | OK | |
| r-devel-linux-x86_64-fedora-gcc | 3.1.0 | 159.00 | 238.23 | 397.23 | OK | |
| r-devel-windows-x86_64 | 3.1.0 | 185.00 | 114.00 | 299.00 | OK | |
| r-patched-linux-x86_64 | 3.1.0 | 160.90 | 74.18 | 235.08 | OK | |
| r-release-linux-x86_64 | 3.1.0 | 160.62 | 75.47 | 236.09 | OK | |
| r-release-macos-arm64 | 3.1.0 | 55.00 | 35.00 | 90.00 | OK | |
| r-release-macos-x86_64 | 3.1.0 | 66.00 | 110.00 | 176.00 | OK | |
| r-release-windows-x86_64 | 3.1.0 | 181.00 | 111.00 | 292.00 | OK | |
| r-oldrel-macos-arm64 | 3.1.0 | 54.00 | 39.00 | 93.00 | NOTE | |
| r-oldrel-macos-x86_64 | 3.1.0 | 55.00 | 93.00 | 148.00 | NOTE | |
| r-oldrel-windows-x86_64 | 3.1.0 | 212.00 | 139.00 | 351.00 | OK |
Version: 3.1.0
Check: installed package size
Result: NOTE
installed size is 12.2Mb
sub-directories of 1Mb or more:
libs 11.8Mb
Flavors: r-oldrel-macos-arm64, r-oldrel-macos-x86_64