Last updated on 2025-02-22 07:51:33 CET.
Flavor | Version | Tinstall | Tcheck | Ttotal | Status | Flags |
---|---|---|---|---|---|---|
r-devel-linux-x86_64-debian-clang | 0.1.9 | 2.34 | 33.46 | 35.80 | OK | |
r-devel-linux-x86_64-debian-gcc | 0.1.9 | 2.10 | 25.07 | 27.17 | OK | |
r-devel-linux-x86_64-fedora-clang | 0.1.9 | 58.61 | OK | |||
r-devel-linux-x86_64-fedora-gcc | 0.1.9 | 57.60 | OK | |||
r-devel-macos-arm64 | 0.1.9 | 25.00 | OK | |||
r-devel-macos-x86_64 | 0.1.9 | 40.00 | OK | |||
r-devel-windows-x86_64 | 0.1.9 | 5.00 | 53.00 | 58.00 | OK | |
r-patched-linux-x86_64 | 0.1.9 | 2.60 | 31.07 | 33.67 | NOTE | |
r-release-linux-x86_64 | 0.1.9 | 2.64 | 31.98 | 34.62 | NOTE | |
r-release-macos-arm64 | 0.1.9 | 22.00 | NOTE | |||
r-release-macos-x86_64 | 0.1.9 | 39.00 | NOTE | |||
r-release-windows-x86_64 | 0.1.9 | 5.00 | 54.00 | 59.00 | NOTE | |
r-oldrel-macos-arm64 | 0.1.9 | 28.00 | NOTE | |||
r-oldrel-macos-x86_64 | 0.1.9 | 38.00 | NOTE | |||
r-oldrel-windows-x86_64 | 0.1.9 | 5.00 | 58.00 | 63.00 | NOTE |
Version: 0.1.9
Check: package dependencies
Result: NOTE
Packages suggested but not available for checking: 'hubExamples', 'hubVis'
Flavors: r-patched-linux-x86_64, r-release-linux-x86_64, r-release-macos-arm64, r-release-macos-x86_64, r-release-windows-x86_64, r-oldrel-macos-arm64, r-oldrel-macos-x86_64, r-oldrel-windows-x86_64