Last updated on 2025-02-21 06:49:42 CET.
Flavor | Version | Tinstall | Tcheck | Ttotal | Status | Flags |
---|---|---|---|---|---|---|
r-devel-linux-x86_64-debian-clang | 1.4.6 | 12.62 | 111.61 | 124.23 | NOTE | |
r-devel-linux-x86_64-debian-gcc | 1.4.6 | 8.04 | 76.19 | 84.23 | NOTE | |
r-devel-linux-x86_64-fedora-clang | 1.4.6 | 203.83 | NOTE | |||
r-devel-linux-x86_64-fedora-gcc | 1.4.6 | 194.76 | NOTE | |||
r-devel-macos-arm64 | 1.4.6 | 59.00 | NOTE | |||
r-devel-macos-x86_64 | 1.4.6 | 131.00 | NOTE | |||
r-devel-windows-x86_64 | 1.4.6 | 13.00 | 124.00 | 137.00 | NOTE | |
r-patched-linux-x86_64 | 1.4.6 | 11.52 | 101.65 | 113.17 | NOTE | |
r-release-linux-x86_64 | 1.4.6 | 11.40 | 103.15 | 114.55 | NOTE | |
r-release-macos-arm64 | 1.4.6 | 58.00 | NOTE | |||
r-release-macos-x86_64 | 1.4.6 | 97.00 | NOTE | |||
r-release-windows-x86_64 | 1.4.6 | 13.00 | 125.00 | 138.00 | NOTE | |
r-oldrel-macos-arm64 | 1.4.6 | 62.00 | OK | |||
r-oldrel-macos-x86_64 | 1.4.6 | 90.00 | OK | |||
r-oldrel-windows-x86_64 | 1.4.6 | 18.00 | 138.00 | 156.00 | OK |
Version: 1.4.6
Check: Rd files
Result: NOTE
checkRd: (-1) extractPeriod.Rd:57: Lost braces
57 | NOTE: all the dates in the datalist should follow the format in ?as.Date{base}.
| ^
Flavors: r-devel-linux-x86_64-debian-clang, r-devel-linux-x86_64-debian-gcc, r-devel-linux-x86_64-fedora-clang, r-devel-linux-x86_64-fedora-gcc, r-devel-macos-arm64, r-devel-macos-x86_64, r-devel-windows-x86_64, r-patched-linux-x86_64, r-release-linux-x86_64, r-release-macos-arm64, r-release-macos-x86_64, r-release-windows-x86_64