Last updated on 2025-10-22 07:50:19 CEST.
Flavor | Version | Tinstall | Tcheck | Ttotal | Status | Flags |
---|---|---|---|---|---|---|
r-devel-linux-x86_64-debian-clang | 0.1.0 | 9.60 | 74.32 | 83.92 | NOTE | |
r-devel-linux-x86_64-debian-gcc | 0.1.0 | 7.19 | 54.60 | 61.79 | NOTE | |
r-devel-linux-x86_64-fedora-clang | 0.1.0 | 27.00 | 100.49 | 127.49 | OK | |
r-devel-linux-x86_64-fedora-gcc | 0.1.0 | 22.00 | 96.65 | 118.65 | OK | |
r-devel-windows-x86_64 | 0.1.0 | 11.00 | 79.00 | 90.00 | OK | |
r-patched-linux-x86_64 | 0.1.0 | 8.77 | 69.62 | 78.39 | OK | |
r-release-linux-x86_64 | 0.1.0 | 10.10 | 69.66 | 79.76 | OK | |
r-release-macos-arm64 | 0.1.0 | 5.00 | 35.00 | 40.00 | OK | |
r-release-macos-x86_64 | 0.1.0 | 8.00 | 62.00 | 70.00 | OK | |
r-release-windows-x86_64 | 0.1.0 | 11.00 | 80.00 | 91.00 | OK | |
r-oldrel-macos-arm64 | 0.1.0 | 5.00 | 38.00 | 43.00 | OK | |
r-oldrel-macos-x86_64 | 0.1.0 | 10.00 | 60.00 | 70.00 | OK | |
r-oldrel-windows-x86_64 | 0.1.0 | 14.00 | 102.00 | 116.00 | OK |
Version: 0.1.0
Check: HTML version of manual
Result: NOTE
Found the following HTML validation problems:
find_best_candidates.html:54:1 (find_best_candidates.Rd:14): Warning: missing </ul> before </div>
Flavors: r-devel-linux-x86_64-debian-clang, r-devel-linux-x86_64-debian-gcc